Last updated on 2024-08-16 12:49:05 CEST.
Flavor | Version | Tinstall | Tcheck | Ttotal | Status | Flags |
---|---|---|---|---|---|---|
r-devel-linux-x86_64-debian-clang | 0.2-24 | 8.08 | 30.69 | 38.77 | NOTE | |
r-devel-linux-x86_64-debian-gcc | 0.2-24 | 6.22 | 23.00 | 29.22 | NOTE | |
r-devel-linux-x86_64-fedora-clang | 0.2-24 | 60.76 | NOTE | |||
r-devel-linux-x86_64-fedora-gcc | 0.2-24 | 60.09 | NOTE | |||
r-devel-windows-x86_64 | 0.2-24 | 14.00 | 66.00 | 80.00 | NOTE | |
r-patched-linux-x86_64 | 0.2-24 | 9.30 | 28.80 | 38.10 | OK | |
r-release-linux-x86_64 | 0.2-24 | 8.17 | 29.30 | 37.47 | OK | |
r-release-macos-arm64 | 0.2-24 | 37.00 | OK | |||
r-release-macos-x86_64 | 0.2-24 | 51.00 | OK | |||
r-release-windows-x86_64 | 0.2-24 | 14.00 | 65.00 | 79.00 | OK | |
r-oldrel-macos-arm64 | 0.2-24 | 29.00 | OK | |||
r-oldrel-macos-x86_64 | 0.2-24 | 60.00 | OK | |||
r-oldrel-windows-x86_64 | 0.2-24 | 15.00 | 70.00 | 85.00 | OK |
Version: 0.2-24
Check: compiled code
Result: NOTE
File ‘cba/libs/cba.so’:
Found non-API call to R: ‘Rf_NonNullStringMatch’
Compiled code should not call non-API entry points in R.
See ‘Writing portable packages’ in the ‘Writing R Extensions’ manual,
and section ‘Moving into C API compliance’ for issues with the use of
non-API entry points.
Flavors: r-devel-linux-x86_64-debian-clang, r-devel-linux-x86_64-debian-gcc, r-devel-linux-x86_64-fedora-clang, r-devel-linux-x86_64-fedora-gcc
Version: 0.2-24
Check: compiled code
Result: NOTE
File 'cba/libs/x64/cba.dll':
Found non-API call to R: 'Rf_NonNullStringMatch'
Compiled code should not call non-API entry points in R.
See 'Writing portable packages' in the 'Writing R Extensions' manual,
and section 'Moving into C API compliance' for issues with the use of
non-API entry points.
Flavor: r-devel-windows-x86_64