Last updated on 2024-06-14 13:56:16 CEST.
Flavor | Version | Tinstall | Tcheck | Ttotal | Status | Flags |
---|---|---|---|---|---|---|
r-devel-linux-x86_64-debian-clang | 0.1.0 | 12.15 | 109.42 | 121.57 | OK | |
r-devel-linux-x86_64-debian-gcc | 0.1.0 | 10.58 | 81.68 | 92.26 | OK | |
r-devel-linux-x86_64-fedora-clang | 0.1.0 | 154.42 | NOTE | |||
r-devel-linux-x86_64-fedora-gcc | 0.1.0 | 145.42 | NOTE | |||
r-devel-windows-x86_64 | 0.1.0 | 12.00 | 90.00 | 102.00 | OK | |
r-patched-linux-x86_64 | 0.1.0 | 13.14 | 106.52 | 119.66 | OK | |
r-release-linux-x86_64 | 0.1.0 | 14.72 | 102.84 | 117.56 | OK | |
r-release-macos-arm64 | 0.1.0 | 43.00 | OK | |||
r-release-macos-x86_64 | 0.1.0 | 123.00 | OK | |||
r-release-windows-x86_64 | 0.1.0 | 13.00 | 91.00 | 104.00 | OK | |
r-oldrel-macos-arm64 | 0.1.0 | 43.00 | OK | |||
r-oldrel-macos-x86_64 | 0.1.0 | 78.00 | OK | |||
r-oldrel-windows-x86_64 | 0.1.0 | 17.00 | 112.00 | 129.00 | OK |
Version: 0.1.0
Check: dependencies in R code
Result: NOTE
Namespace in Imports field not imported from: ‘methods’
All declared Imports should be used.
Flavors: r-devel-linux-x86_64-fedora-clang, r-devel-linux-x86_64-fedora-gcc