Last updated on 2024-07-18 01:55:27 CEST.
Flavor | Version | Tinstall | Tcheck | Ttotal | Status | Flags |
---|---|---|---|---|---|---|
r-devel-linux-x86_64-debian-clang | 0.1.0 | 15.19 | 110.95 | 126.14 | OK | |
r-devel-linux-x86_64-debian-gcc | 0.1.0 | 11.50 | 81.35 | 92.85 | OK | |
r-devel-linux-x86_64-fedora-clang | 0.1.0 | 158.17 | NOTE | |||
r-devel-linux-x86_64-fedora-gcc | 0.1.0 | 145.60 | NOTE | |||
r-devel-windows-x86_64 | 0.1.0 | 12.00 | 92.00 | 104.00 | OK | |
r-patched-linux-x86_64 | 0.1.0 | 12.22 | 105.09 | 117.31 | OK | |
r-release-linux-x86_64 | 0.1.0 | 8.67 | 105.67 | 114.34 | OK | |
r-release-macos-arm64 | 0.1.0 | 43.00 | OK | |||
r-release-macos-x86_64 | 0.1.0 | 123.00 | OK | |||
r-release-windows-x86_64 | 0.1.0 | 14.00 | 93.00 | 107.00 | OK | |
r-oldrel-macos-arm64 | 0.1.0 | 43.00 | OK | |||
r-oldrel-macos-x86_64 | 0.1.0 | 78.00 | OK | |||
r-oldrel-windows-x86_64 | 0.1.0 | 15.00 | 114.00 | 129.00 | OK |
Version: 0.1.0
Check: dependencies in R code
Result: NOTE
Namespace in Imports field not imported from: ‘methods’
All declared Imports should be used.
Flavors: r-devel-linux-x86_64-fedora-clang, r-devel-linux-x86_64-fedora-gcc