Last updated on 2025-11-13 12:54:03 CET.
| Flavor | Version | Tinstall | Tcheck | Ttotal | Status | Flags |
|---|---|---|---|---|---|---|
| r-devel-linux-x86_64-debian-clang | 1.0.0 | 7.40 | 63.86 | 71.26 | OK | |
| r-devel-linux-x86_64-debian-gcc | 1.0.0 | 5.95 | 48.01 | 53.96 | OK | |
| r-devel-linux-x86_64-fedora-clang | 1.0.0 | 16.00 | 92.53 | 108.53 | NOTE | |
| r-devel-linux-x86_64-fedora-gcc | 1.0.0 | 16.00 | 101.55 | 117.55 | NOTE | |
| r-devel-windows-x86_64 | 1.0.0 | 8.00 | 73.00 | 81.00 | OK | |
| r-patched-linux-x86_64 | 1.0.0 | 5.90 | 61.31 | 67.21 | OK | |
| r-release-linux-x86_64 | 1.0.0 | 6.02 | 61.80 | 67.82 | OK | |
| r-release-macos-arm64 | 1.0.0 | 4.00 | 46.00 | 50.00 | OK | |
| r-release-macos-x86_64 | 1.0.0 | 7.00 | 96.00 | 103.00 | OK | |
| r-release-windows-x86_64 | 1.0.0 | 8.00 | 73.00 | 81.00 | OK | |
| r-oldrel-macos-arm64 | 1.0.0 | 3.00 | 34.00 | 37.00 | OK | |
| r-oldrel-macos-x86_64 | 1.0.0 | 13.00 | 83.00 | 96.00 | OK | |
| r-oldrel-windows-x86_64 | 1.0.0 | 11.00 | 89.00 | 100.00 | OK |
Version: 1.0.0
Check: dependencies in R code
Result: NOTE
Namespace in Imports field not imported from: ‘MASS’
All declared Imports should be used.
Flavors: r-devel-linux-x86_64-fedora-clang, r-devel-linux-x86_64-fedora-gcc