Last updated on 2024-08-16 12:49:05 CEST.
Flavor | Version | Tinstall | Tcheck | Ttotal | Status | Flags |
---|---|---|---|---|---|---|
r-devel-linux-x86_64-debian-clang | 0.9.2 | 4.08 | 60.96 | 65.04 | OK | |
r-devel-linux-x86_64-debian-gcc | 0.9.2 | 3.29 | 42.10 | 45.39 | OK | |
r-devel-linux-x86_64-fedora-clang | 0.9.2 | 104.55 | OK | |||
r-devel-linux-x86_64-fedora-gcc | 0.9.2 | 109.60 | OK | |||
r-devel-windows-x86_64 | 0.9.2 | 7.00 | 96.00 | 103.00 | OK | |
r-patched-linux-x86_64 | 0.9.2 | 7.21 | 56.24 | 63.45 | OK | |
r-release-linux-x86_64 | 0.9.2 | 4.64 | 57.01 | 61.65 | OK | |
r-release-macos-arm64 | 0.9.2 | 50.00 | OK | |||
r-release-macos-x86_64 | 0.9.2 | 120.00 | OK | |||
r-release-windows-x86_64 | 0.9.2 | 8.00 | 94.00 | 102.00 | OK | |
r-oldrel-macos-arm64 | 0.9.2 | 54.00 | ERROR | |||
r-oldrel-macos-x86_64 | 0.9.2 | 84.00 | ERROR | |||
r-oldrel-windows-x86_64 | 0.9.2 | 9.00 | 109.00 | 118.00 | OK |
Version: 0.9.2
Check: running R code from vignettes
Result: ERROR
Errors in running code in vignettes:
when running code in ‘chk.Rmd’
...
> chk_flag(y)
> y <- NA
> chk_flag(y)
When sourcing ‘chk.R’:
Error: `y` must be a flag (TRUE or FALSE).
Execution halted
‘chk-families.Rmd’ using ‘UTF-8’... [0s/0s] OK
‘chk.Rmd’ using ‘UTF-8’... failed
Flavors: r-oldrel-macos-arm64, r-oldrel-macos-x86_64