Last updated on 2024-08-16 12:49:05 CEST.
Flavor | Version | Tinstall | Tcheck | Ttotal | Status | Flags |
---|---|---|---|---|---|---|
r-devel-linux-x86_64-debian-clang | 0.1.1 | 9.35 | 157.56 | 166.91 | OK | |
r-devel-linux-x86_64-debian-gcc | 0.1.1 | 7.16 | 106.69 | 113.85 | OK | |
r-devel-linux-x86_64-fedora-clang | 0.1.1 | 271.65 | NOTE | |||
r-devel-linux-x86_64-fedora-gcc | 0.1.1 | 263.33 | OK | |||
r-devel-windows-x86_64 | 0.1.1 | 13.00 | 193.00 | 206.00 | NOTE | |
r-patched-linux-x86_64 | 0.1.1 | 7.87 | 144.62 | 152.49 | OK | |
r-release-linux-x86_64 | 0.1.1 | 8.09 | 146.13 | 154.22 | OK | |
r-release-macos-arm64 | 0.1.1 | 172.00 | NOTE | |||
r-release-macos-x86_64 | 0.1.1 | 172.00 | NOTE | |||
r-release-windows-x86_64 | 0.1.1 | 14.00 | 195.00 | 209.00 | NOTE | |
r-oldrel-macos-arm64 | 0.1.1 | 110.00 | NOTE | |||
r-oldrel-macos-x86_64 | 0.1.1 | 200.00 | NOTE | |||
r-oldrel-windows-x86_64 | 0.1.1 | 16.00 | 229.00 | 245.00 | NOTE |
Version: 0.1.1
Check: installed package size
Result: NOTE
installed size is 7.5Mb
sub-directories of 1Mb or more:
doc 7.3Mb
Flavors: r-devel-linux-x86_64-fedora-clang, r-devel-windows-x86_64, r-release-macos-arm64, r-release-macos-x86_64, r-release-windows-x86_64, r-oldrel-macos-arm64, r-oldrel-macos-x86_64, r-oldrel-windows-x86_64