Last updated on 2025-07-08 13:49:05 CEST.
Flavor | Version | Tinstall | Tcheck | Ttotal | Status | Flags |
---|---|---|---|---|---|---|
r-devel-linux-x86_64-debian-clang | 0.1.0 | 7.68 | 78.48 | 86.16 | ERROR | |
r-devel-linux-x86_64-debian-gcc | 0.1.0 | 5.29 | 58.37 | 63.66 | OK | |
r-devel-linux-x86_64-fedora-clang | 0.1.0 | 136.22 | OK | |||
r-devel-linux-x86_64-fedora-gcc | 0.1.0 | 140.95 | OK | |||
r-devel-windows-x86_64 | 0.1.0 | 9.00 | 113.00 | 122.00 | OK | |
r-patched-linux-x86_64 | 0.1.0 | 7.74 | 74.46 | 82.20 | OK | |
r-release-linux-x86_64 | 0.1.0 | 7.22 | 74.87 | 82.09 | OK | |
r-release-macos-arm64 | 0.1.0 | 75.00 | OK | |||
r-release-macos-x86_64 | 0.1.0 | 120.00 | OK | |||
r-release-windows-x86_64 | 0.1.0 | 12.00 | 109.00 | 121.00 | OK | |
r-oldrel-macos-arm64 | 0.1.0 | 67.00 | OK | |||
r-oldrel-macos-x86_64 | 0.1.0 | 100.00 | OK | |||
r-oldrel-windows-x86_64 | 0.1.0 | 13.00 | 134.00 | 147.00 | OK |
Version: 0.1.0
Check: tests
Result: ERROR
Running ‘testthat.R’ [6s/71s]
Running the tests in ‘tests/testthat.R’ failed.
Complete output:
> # This file is part of the standard setup for testthat.
> # It is recommended that you do not modify it.
> #
> # Where should you do additional test configuration?
> # Learn more about the roles of various files in:
> # * https://r-pkgs.org/testing-design.html#sec-tests-files-overview
> # * https://testthat.r-lib.org/articles/special-files.html
>
> library(testthat)
> library(citmre)
>
> test_check("citmre")
is.response(x) is not TRUE
is.response(x) is not TRUE
is.response(x) is not TRUE
is.response(x) is not TRUE
is.response(x) is not TRUE
[ FAIL 4 | WARN 0 | SKIP 0 | PASS 12 ]
══ Failed tests ════════════════════════════════════════════════════════════════
── Failure ('test-citmre.R:10:3'): Checking output type when log_return is TRUE ──
rmre_data(frequency = 365, log_return = TRUE) has type 'NULL', not 'double'.
── Failure ('test-citmre.R:11:3'): Checking output type when log_return is TRUE ──
rmre_data(frequency = 12, log_return = TRUE) has type 'NULL', not 'double'.
── Failure ('test-citmre.R:13:3'): Checking output type when log_return is TRUE ──
rmre_data(frequency = 2, log_return = TRUE) has type 'NULL', not 'double'.
── Failure ('test-citmre.R:32:3'): Checking output null values ─────────────────
all(...) is not TRUE
`actual`: FALSE
`expected`: TRUE
[ FAIL 4 | WARN 0 | SKIP 0 | PASS 12 ]
Error: Test failures
Execution halted
Flavor: r-devel-linux-x86_64-debian-clang