Last updated on 2024-08-16 12:49:05 CEST.
Flavor | Version | Tinstall | Tcheck | Ttotal | Status | Flags |
---|---|---|---|---|---|---|
r-devel-linux-x86_64-debian-clang | 1.2.4 | 20.80 | 23.60 | 44.40 | NOTE | |
r-devel-linux-x86_64-debian-gcc | 1.2.4 | 15.90 | 18.81 | 34.71 | NOTE | |
r-devel-linux-x86_64-fedora-clang | 1.2.4 | 95.58 | NOTE | |||
r-devel-linux-x86_64-fedora-gcc | 1.2.4 | 81.78 | NOTE | |||
r-devel-windows-x86_64 | 1.2.4 | 29.00 | 64.00 | 93.00 | NOTE | |
r-patched-linux-x86_64 | 1.2.4 | 22.02 | 22.39 | 44.41 | NOTE | |
r-release-linux-x86_64 | 1.2.4 | 22.16 | 22.68 | 44.84 | NOTE | |
r-release-macos-arm64 | 1.2.4 | 32.00 | NOTE | |||
r-release-macos-x86_64 | 1.2.4 | 51.00 | NOTE | |||
r-release-windows-x86_64 | 1.2.4 | 26.00 | 64.00 | 90.00 | NOTE | |
r-oldrel-macos-arm64 | 1.2.4 | 28.00 | NOTE | |||
r-oldrel-macos-x86_64 | 1.2.4 | 45.00 | NOTE | |||
r-oldrel-windows-x86_64 | 1.2.4 | 27.00 | 75.00 | 102.00 | NOTE |
Version: 1.2.4
Check: C++ specification
Result: NOTE
Specified C++11: please drop specification unless essential
Flavors: r-devel-linux-x86_64-debian-clang, r-devel-linux-x86_64-debian-gcc, r-devel-linux-x86_64-fedora-clang, r-devel-linux-x86_64-fedora-gcc, r-devel-windows-x86_64, r-patched-linux-x86_64, r-release-linux-x86_64, r-release-macos-arm64, r-release-macos-x86_64, r-release-windows-x86_64, r-oldrel-macos-arm64, r-oldrel-macos-x86_64, r-oldrel-windows-x86_64