Last updated on 2024-06-14 13:56:16 CEST.
Flavor | Version | Tinstall | Tcheck | Ttotal | Status | Flags |
---|---|---|---|---|---|---|
r-devel-linux-x86_64-debian-clang | 1.0.0 | 14.38 | 101.17 | 115.55 | OK | |
r-devel-linux-x86_64-debian-gcc | 1.0.0 | 9.17 | 73.13 | 82.30 | OK | |
r-devel-linux-x86_64-fedora-clang | 1.0.0 | 139.68 | NOTE | |||
r-devel-linux-x86_64-fedora-gcc | 1.0.0 | 128.79 | NOTE | |||
r-devel-windows-x86_64 | 1.0.0 | 11.00 | 83.00 | 94.00 | OK | |
r-patched-linux-x86_64 | 1.0.0 | 15.51 | 93.70 | 109.21 | OK | |
r-release-linux-x86_64 | 1.0.0 | 11.98 | 93.87 | 105.85 | OK | |
r-release-macos-arm64 | 1.0.0 | 40.00 | OK | |||
r-release-macos-x86_64 | 1.0.0 | 61.00 | OK | |||
r-release-windows-x86_64 | 1.0.0 | 11.00 | 82.00 | 93.00 | OK | |
r-oldrel-macos-arm64 | 1.0.0 | 45.00 | OK | |||
r-oldrel-macos-x86_64 | 1.0.0 | 102.00 | OK | |||
r-oldrel-windows-x86_64 | 1.0.0 | 15.00 | 101.00 | 116.00 | OK |
Version: 1.0.0
Check: data for non-ASCII characters
Result: NOTE
Note: found 949 marked UTF-8 strings
Flavors: r-devel-linux-x86_64-fedora-clang, r-devel-linux-x86_64-fedora-gcc