Last updated on 2024-08-16 12:49:05 CEST.
Flavor | Version | Tinstall | Tcheck | Ttotal | Status | Flags |
---|---|---|---|---|---|---|
r-devel-linux-x86_64-debian-clang | 2.3.4 | 9.07 | 79.26 | 88.33 | NOTE | |
r-devel-linux-x86_64-debian-gcc | 2.3.4 | 5.98 | 56.67 | 62.65 | NOTE | |
r-devel-linux-x86_64-fedora-clang | 2.3.4 | 139.89 | NOTE | |||
r-devel-linux-x86_64-fedora-gcc | 2.3.4 | 140.95 | NOTE | |||
r-devel-windows-x86_64 | 2.3.4 | 9.00 | 107.00 | 116.00 | NOTE | --no-vignettes |
r-patched-linux-x86_64 | 2.3.4 | 10.06 | 73.20 | 83.26 | NOTE | |
r-release-linux-x86_64 | 2.3.4 | 6.93 | 74.60 | 81.53 | NOTE | |
r-release-macos-arm64 | 2.3.4 | 50.00 | NOTE | |||
r-release-macos-x86_64 | 2.3.4 | 71.00 | NOTE | |||
r-release-windows-x86_64 | 2.3.4 | 9.00 | 100.00 | 109.00 | NOTE | --no-vignettes |
r-oldrel-macos-arm64 | 2.3.4 | 49.00 | NOTE | |||
r-oldrel-macos-x86_64 | 2.3.4 | 81.00 | NOTE | |||
r-oldrel-windows-x86_64 | 2.3.4 | 11.00 | 104.00 | 115.00 | NOTE | --no-vignettes |
Version: 2.3.4
Check: Rd cross-references
Result: NOTE
Found the following Rd file(s) with Rd \link{} targets missing package
anchors:
clustvarsel.Rd: mclustModelNames, hc
Please provide package anchors for all Rd \link{} targets not in the
package itself and the base packages.
Flavors: r-devel-linux-x86_64-debian-clang, r-devel-linux-x86_64-debian-gcc
Version: 2.3.4
Check: LazyData
Result: NOTE
'LazyData' is specified without a 'data' directory
Flavors: r-devel-linux-x86_64-debian-clang, r-devel-linux-x86_64-debian-gcc, r-devel-linux-x86_64-fedora-clang, r-devel-linux-x86_64-fedora-gcc, r-patched-linux-x86_64, r-release-linux-x86_64, r-release-macos-arm64, r-release-macos-x86_64, r-oldrel-macos-arm64, r-oldrel-macos-x86_64
Version: 2.3.4
Flags: --no-vignettes
Check: Rd cross-references
Result: NOTE
Found the following Rd file(s) with Rd \link{} targets missing package
anchors:
clustvarsel.Rd: mclustModelNames, hc
Please provide package anchors for all Rd \link{} targets not in the
package itself and the base packages.
Flavor: r-devel-windows-x86_64
Version: 2.3.4
Flags: --no-vignettes
Check: LazyData
Result: NOTE
'LazyData' is specified without a 'data' directory
Flavors: r-devel-windows-x86_64, r-release-windows-x86_64, r-oldrel-windows-x86_64