CRAN Package Check Results for Package cmprsk

Last updated on 2025-11-13 12:54:04 CET.

Flavor Version Tinstall Tcheck Ttotal Status Flags
r-devel-linux-x86_64-debian-clang 2.2-12 9.22 57.15 66.37 NOTE
r-devel-linux-x86_64-debian-gcc 2.2-12 6.43 44.91 51.34 NOTE
r-devel-linux-x86_64-fedora-clang 2.2-12 18.00 83.35 101.35 NOTE
r-devel-linux-x86_64-fedora-gcc 2.2-12 17.00 79.53 96.53 NOTE
r-devel-windows-x86_64 2.2-12 12.00 69.00 81.00 OK
r-patched-linux-x86_64 2.2-12 8.54 55.16 63.70 OK
r-release-linux-x86_64 2.2-12 8.28 55.55 63.83 OK
r-release-macos-arm64 2.2-12 6.00 28.00 34.00 OK
r-release-macos-x86_64 2.2-12 10.00 49.00 59.00 OK
r-release-windows-x86_64 2.2-12 12.00 70.00 82.00 OK
r-oldrel-macos-arm64 2.2-12 7.00 28.00 35.00 OK
r-oldrel-macos-x86_64 2.2-12 7.00 40.00 47.00 OK
r-oldrel-windows-x86_64 2.2-12 16.00 78.00 94.00 OK

Check Details

Version: 2.2-12
Check: CRAN incoming feasibility
Result: NOTE Maintainer: ‘Bob Gray <gray@jimmy.harvard.edu>’ No Authors@R field in DESCRIPTION. Please add one, modifying Authors@R: person(given = "Bob", family = "Gray", role = c("aut", "cre"), email = "gray@jimmy.harvard.edu") as necessary. Flavors: r-devel-linux-x86_64-debian-clang, r-devel-linux-x86_64-debian-gcc

Version: 2.2-12
Check: compiled code
Result: NOTE File ‘cmprsk/libs/cmprsk.so’: Found no calls to: ‘R_registerRoutines’, ‘R_useDynamicSymbols’ It is good practice to register native routines and to disable symbol search. See ‘Writing portable packages’ in the ‘Writing R Extensions’ manual. Flavors: r-devel-linux-x86_64-fedora-clang, r-devel-linux-x86_64-fedora-gcc