Last updated on 2025-11-14 00:50:41 CET.
| Flavor | Version | Tinstall | Tcheck | Ttotal | Status | Flags |
|---|---|---|---|---|---|---|
| r-devel-linux-x86_64-debian-clang | 0.1.2 | 8.44 | 109.40 | 117.84 | NOTE | |
| r-devel-linux-x86_64-debian-gcc | 0.1.2 | 5.66 | 75.82 | 81.48 | NOTE | |
| r-devel-linux-x86_64-fedora-clang | 0.1.2 | 19.00 | 155.39 | 174.39 | OK | |
| r-devel-linux-x86_64-fedora-gcc | 0.1.2 | 18.00 | 164.27 | 182.27 | OK | |
| r-devel-windows-x86_64 | 0.1.2 | 15.00 | 116.00 | 131.00 | OK | |
| r-patched-linux-x86_64 | 0.1.2 | 7.72 | 99.05 | 106.77 | OK | |
| r-release-linux-x86_64 | 0.1.2 | 7.57 | 99.48 | 107.05 | OK | |
| r-release-macos-arm64 | 0.1.2 | 5.00 | 59.00 | 64.00 | OK | |
| r-release-macos-x86_64 | 0.1.2 | 7.00 | 99.00 | 106.00 | OK | |
| r-release-windows-x86_64 | 0.1.2 | 15.00 | 113.00 | 128.00 | OK | |
| r-oldrel-macos-arm64 | 0.1.2 | 4.00 | 49.00 | 53.00 | OK | |
| r-oldrel-macos-x86_64 | 0.1.2 | 6.00 | 88.00 | 94.00 | OK | |
| r-oldrel-windows-x86_64 | 0.1.2 | 18.00 | 142.00 | 160.00 | OK |
Version: 0.1.2
Check: CRAN incoming feasibility
Result: NOTE
Maintainer: ‘Wangqian Ju <wju@iastate.edu>’
Package CITATION file contains call(s) to old-style citEntry(). Please
use bibentry() instead.
Flavors: r-devel-linux-x86_64-debian-clang, r-devel-linux-x86_64-debian-gcc