Last updated on 2024-08-16 12:49:05 CEST.
Flavor | Version | Tinstall | Tcheck | Ttotal | Status | Flags |
---|---|---|---|---|---|---|
r-devel-linux-x86_64-debian-clang | 0.7.2 | 107.96 | 100.76 | 208.72 | NOTE | |
r-devel-linux-x86_64-debian-gcc | 0.7.2 | 79.71 | 73.61 | 153.32 | NOTE | |
r-devel-linux-x86_64-fedora-clang | 0.7.2 | 401.90 | NOTE | |||
r-devel-linux-x86_64-fedora-gcc | 0.7.2 | 418.10 | NOTE | |||
r-devel-windows-x86_64 | 0.7.2 | 122.00 | 144.00 | 266.00 | NOTE | |
r-patched-linux-x86_64 | 0.7.2 | 112.59 | 93.35 | 205.94 | NOTE | |
r-release-linux-x86_64 | 0.7.2 | 114.12 | 93.10 | 207.22 | NOTE | |
r-release-macos-arm64 | 0.7.2 | 104.00 | NOTE | |||
r-release-macos-x86_64 | 0.7.2 | 124.00 | NOTE | |||
r-release-windows-x86_64 | 0.7.2 | 120.00 | 140.00 | 260.00 | NOTE | |
r-oldrel-macos-arm64 | 0.7.2 | 110.00 | NOTE | |||
r-oldrel-macos-x86_64 | 0.7.2 | 200.00 | NOTE | |||
r-oldrel-windows-x86_64 | 0.7.2 | 145.00 | 176.00 | 321.00 | NOTE |
Version: 0.7.2
Check: package dependencies
Result: NOTE
Package suggested but not available for checking: ‘PopGenome’
Flavors: r-devel-linux-x86_64-debian-clang, r-devel-linux-x86_64-debian-gcc, r-devel-linux-x86_64-fedora-clang, r-devel-linux-x86_64-fedora-gcc, r-devel-windows-x86_64, r-patched-linux-x86_64, r-release-linux-x86_64, r-release-macos-arm64, r-release-macos-x86_64, r-release-windows-x86_64, r-oldrel-macos-arm64, r-oldrel-macos-x86_64, r-oldrel-windows-x86_64
Version: 0.7.2
Check: installed package size
Result: NOTE
installed size is 6.3Mb
sub-directories of 1Mb or more:
R 2.0Mb
libs 3.6Mb
Flavors: r-release-macos-arm64, r-release-macos-x86_64, r-oldrel-macos-arm64, r-oldrel-macos-x86_64