Last updated on 2024-07-18 01:55:28 CEST.
Flavor | Version | Tinstall | Tcheck | Ttotal | Status | Flags |
---|---|---|---|---|---|---|
r-devel-linux-x86_64-debian-clang | 0.7.0 | 6.20 | 68.41 | 74.61 | OK | |
r-devel-linux-x86_64-debian-gcc | 0.7.0 | 5.23 | 50.57 | 55.80 | OK | |
r-devel-linux-x86_64-fedora-clang | 0.7.0 | 96.78 | OK | |||
r-devel-linux-x86_64-fedora-gcc | 0.7.0 | 85.57 | OK | |||
r-devel-windows-x86_64 | 0.7.0 | 7.00 | 67.00 | 74.00 | NOTE | |
r-patched-linux-x86_64 | 0.7.0 | 6.16 | 63.82 | 69.98 | OK | |
r-release-linux-x86_64 | 0.7.0 | 6.45 | 63.77 | 70.22 | OK | |
r-release-macos-arm64 | 0.7.0 | 28.00 | OK | |||
r-release-macos-x86_64 | 0.7.0 | 44.00 | OK | |||
r-release-windows-x86_64 | 0.7.0 | 7.00 | 67.00 | 74.00 | OK | |
r-oldrel-macos-arm64 | 0.7.0 | 29.00 | OK | |||
r-oldrel-macos-x86_64 | 0.7.0 | 45.00 | OK | |||
r-oldrel-windows-x86_64 | 0.7.0 | 9.00 | 74.00 | 83.00 | OK |
Version: 0.7.0
Check: Rd cross-references
Result: NOTE
Found the following Rd file(s) with Rd \link{} targets missing package
anchors:
confint.Rd: boot.ci
Please provide package anchors for all Rd \link{} targets not in the
package itself and the base packages.
Flavor: r-devel-windows-x86_64