Last updated on 2024-08-16 12:49:05 CEST.
Flavor | Version | Tinstall | Tcheck | Ttotal | Status | Flags |
---|---|---|---|---|---|---|
r-devel-linux-x86_64-debian-clang | 0.1.2 | 1.93 | 59.23 | 61.16 | NOTE | |
r-devel-linux-x86_64-debian-gcc | 0.1.2 | 1.73 | 44.57 | 46.30 | NOTE | |
r-devel-linux-x86_64-fedora-clang | 0.1.2 | 99.89 | OK | |||
r-devel-linux-x86_64-fedora-gcc | 0.1.2 | 96.56 | OK | |||
r-devel-windows-x86_64 | 0.1.2 | 5.00 | 79.00 | 84.00 | NOTE | |
r-patched-linux-x86_64 | 0.1.2 | 6.34 | 57.26 | 63.60 | OK | |
r-release-linux-x86_64 | 0.1.2 | 2.00 | 56.77 | 58.77 | OK | |
r-release-macos-arm64 | 0.1.2 | 33.00 | OK | |||
r-release-macos-x86_64 | 0.1.2 | 51.00 | OK | |||
r-release-windows-x86_64 | 0.1.2 | 5.00 | 79.00 | 84.00 | OK | |
r-oldrel-macos-arm64 | 0.1.2 | 32.00 | OK | |||
r-oldrel-macos-x86_64 | 0.1.2 | 53.00 | OK | |||
r-oldrel-windows-x86_64 | 0.1.2 | 4.00 | 88.00 | 92.00 | OK |
Version: 0.1.2
Check: Rd cross-references
Result: NOTE
Found the following Rd file(s) with Rd \link{} targets missing package
anchors:
loo_conformal.Rd: predictive_interval
predictive_interval.conformal.Rd: posterior_predict
Please provide package anchors for all Rd \link{} targets not in the
package itself and the base packages.
Flavors: r-devel-linux-x86_64-debian-clang, r-devel-linux-x86_64-debian-gcc, r-devel-windows-x86_64