Last updated on 2024-07-18 01:55:28 CEST.
Flavor | Version | Tinstall | Tcheck | Ttotal | Status | Flags |
---|---|---|---|---|---|---|
r-devel-linux-x86_64-debian-clang | 1.0.4 | 8.08 | 63.04 | 71.12 | OK | |
r-devel-linux-x86_64-debian-gcc | 1.0.4 | 5.52 | 46.02 | 51.54 | OK | |
r-devel-linux-x86_64-fedora-clang | 1.0.4 | 87.04 | NOTE | |||
r-devel-linux-x86_64-fedora-gcc | 1.0.4 | 83.39 | NOTE | |||
r-devel-windows-x86_64 | 1.0.4 | 8.00 | 65.00 | 73.00 | OK | |
r-patched-linux-x86_64 | 1.0.4 | 5.21 | 59.61 | 64.82 | OK | |
r-release-linux-x86_64 | 1.0.4 | 6.54 | 59.41 | 65.95 | OK | |
r-release-macos-arm64 | 1.0.4 | 29.00 | OK | |||
r-release-macos-x86_64 | 1.0.4 | 40.00 | OK | |||
r-release-windows-x86_64 | 1.0.4 | 9.00 | 65.00 | 74.00 | OK | |
r-oldrel-macos-arm64 | 1.0.4 | 33.00 | OK | |||
r-oldrel-macos-x86_64 | 1.0.4 | 43.00 | OK | |||
r-oldrel-windows-x86_64 | 1.0.4 | 10.00 | 75.00 | 85.00 | OK |
Version: 1.0.4
Check: dependencies in R code
Result: NOTE
Namespaces in Imports field not imported from:
‘scales’ ‘sna’
All declared Imports should be used.
Flavors: r-devel-linux-x86_64-fedora-clang, r-devel-linux-x86_64-fedora-gcc
Version: 1.0.4
Check: data for non-ASCII characters
Result: NOTE
Note: found 244 marked UTF-8 strings
Flavors: r-devel-linux-x86_64-fedora-clang, r-devel-linux-x86_64-fedora-gcc