Last updated on 2024-07-18 01:55:28 CEST.
Flavor | Version | Tinstall | Tcheck | Ttotal | Status | Flags |
---|---|---|---|---|---|---|
r-devel-linux-x86_64-debian-clang | 1.1.0 | 6.30 | 66.65 | 72.95 | NOTE | |
r-devel-linux-x86_64-debian-gcc | 1.1.0 | 6.23 | 49.55 | 55.78 | NOTE | |
r-devel-linux-x86_64-fedora-clang | 1.1.0 | 89.92 | NOTE | |||
r-devel-linux-x86_64-fedora-gcc | 1.1.0 | 84.03 | NOTE | |||
r-devel-windows-x86_64 | 1.1.0 | 7.00 | 63.00 | 70.00 | NOTE | |
r-patched-linux-x86_64 | 1.1.0 | 4.58 | 62.77 | 67.35 | NOTE | |
r-release-linux-x86_64 | 1.1.0 | 4.87 | 63.14 | 68.01 | NOTE | |
r-release-macos-arm64 | 1.1.0 | 28.00 | NOTE | |||
r-release-macos-x86_64 | 1.1.0 | 41.00 | NOTE | |||
r-release-windows-x86_64 | 1.1.0 | 7.00 | 63.00 | 70.00 | NOTE | |
r-oldrel-macos-arm64 | 1.1.0 | 31.00 | NOTE | |||
r-oldrel-macos-x86_64 | 1.1.0 | 51.00 | NOTE | |||
r-oldrel-windows-x86_64 | 1.1.0 | 8.00 | 73.00 | 81.00 | NOTE |
Version: 1.1.0
Check: LazyData
Result: NOTE
'LazyData' is specified without a 'data' directory
Flavors: r-devel-linux-x86_64-debian-clang, r-devel-linux-x86_64-debian-gcc, r-devel-linux-x86_64-fedora-clang, r-devel-linux-x86_64-fedora-gcc, r-devel-windows-x86_64, r-patched-linux-x86_64, r-release-linux-x86_64, r-release-macos-arm64, r-release-macos-x86_64, r-release-windows-x86_64, r-oldrel-macos-arm64, r-oldrel-macos-x86_64, r-oldrel-windows-x86_64