Last updated on 2024-08-16 12:49:05 CEST.
Flavor | Version | Tinstall | Tcheck | Ttotal | Status | Flags |
---|---|---|---|---|---|---|
r-devel-linux-x86_64-debian-clang | 0.7.3.2 | 8.76 | 133.41 | 142.17 | OK | |
r-devel-linux-x86_64-debian-gcc | 0.7.3.2 | 5.93 | 92.01 | 97.94 | OK | |
r-devel-linux-x86_64-fedora-clang | 0.7.3.2 | 227.91 | NOTE | |||
r-devel-linux-x86_64-fedora-gcc | 0.7.3.2 | 229.50 | NOTE | |||
r-devel-windows-x86_64 | 0.7.3.2 | 11.00 | 135.00 | 146.00 | OK | |
r-patched-linux-x86_64 | 0.7.3.2 | 7.71 | 125.02 | 132.73 | OK | |
r-release-linux-x86_64 | 0.7.3.2 | 8.12 | 126.65 | 134.77 | OK | |
r-release-macos-arm64 | 0.7.3.2 | 63.00 | OK | |||
r-release-macos-x86_64 | 0.7.3.2 | 97.00 | OK | |||
r-release-windows-x86_64 | 0.7.3.2 | 12.00 | 134.00 | 146.00 | OK | |
r-oldrel-macos-arm64 | 0.7.3.2 | 59.00 | OK | |||
r-oldrel-macos-x86_64 | 0.7.3.2 | 118.00 | OK | |||
r-oldrel-windows-x86_64 | 0.7.3.2 | 13.00 | 164.00 | 177.00 | OK |
Version: 0.7.3.2
Check: data for non-ASCII characters
Result: NOTE
Note: found 1 marked UTF-8 string
Flavors: r-devel-linux-x86_64-fedora-clang, r-devel-linux-x86_64-fedora-gcc