Last updated on 2024-07-18 01:55:28 CEST.
Flavor | Version | Tinstall | Tcheck | Ttotal | Status | Flags |
---|---|---|---|---|---|---|
r-devel-linux-x86_64-debian-clang | 1.0.7 | 14.81 | 115.38 | 130.19 | OK | |
r-devel-linux-x86_64-debian-gcc | 1.0.7 | 10.39 | 83.44 | 93.83 | OK | |
r-devel-linux-x86_64-fedora-clang | 1.0.7 | 157.39 | NOTE | |||
r-devel-linux-x86_64-fedora-gcc | 1.0.7 | 146.22 | NOTE | |||
r-devel-windows-x86_64 | 1.0.7 | 12.00 | 94.00 | 106.00 | OK | |
r-patched-linux-x86_64 | 1.0.7 | 11.98 | 107.63 | 119.61 | OK | |
r-release-linux-x86_64 | 1.0.7 | 12.86 | 108.10 | 120.96 | OK | |
r-release-macos-arm64 | 1.0.7 | 45.00 | OK | |||
r-release-macos-x86_64 | 1.0.7 | 72.00 | OK | |||
r-release-windows-x86_64 | 1.0.7 | 13.00 | 95.00 | 108.00 | OK | |
r-oldrel-macos-arm64 | 1.0.7 | 52.00 | OK | |||
r-oldrel-macos-x86_64 | 1.0.7 | 65.00 | OK | |||
r-oldrel-windows-x86_64 | 1.0.7 | 15.00 | 110.00 | 125.00 | OK |
Version: 1.0.7
Check: dependencies in R code
Result: NOTE
Namespace in Imports field not imported from: ‘graphics’
All declared Imports should be used.
Flavors: r-devel-linux-x86_64-fedora-clang, r-devel-linux-x86_64-fedora-gcc