Last updated on 2024-08-16 12:49:05 CEST.
Flavor | Version | Tinstall | Tcheck | Ttotal | Status | Flags |
---|---|---|---|---|---|---|
r-devel-linux-x86_64-debian-clang | 0.8.6 | 3.70 | 36.90 | 40.60 | OK | |
r-devel-linux-x86_64-debian-gcc | 0.8.6 | 2.40 | 28.32 | 30.72 | OK | |
r-devel-linux-x86_64-fedora-clang | 0.8.6 | 67.10 | NOTE | |||
r-devel-linux-x86_64-fedora-gcc | 0.8.6 | 62.27 | NOTE | |||
r-devel-windows-x86_64 | 0.8.6 | 7.00 | 57.00 | 64.00 | OK | |
r-patched-linux-x86_64 | 0.8.6 | 3.33 | 34.56 | 37.89 | OK | |
r-release-linux-x86_64 | 0.8.6 | 3.61 | 35.04 | 38.65 | OK | |
r-release-macos-arm64 | 0.8.6 | 25.00 | OK | |||
r-release-macos-x86_64 | 0.8.6 | 40.00 | OK | |||
r-release-windows-x86_64 | 0.8.6 | 8.00 | 58.00 | 66.00 | OK | |
r-oldrel-macos-arm64 | 0.8.6 | 23.00 | OK | |||
r-oldrel-macos-x86_64 | 0.8.6 | 34.00 | OK | |||
r-oldrel-windows-x86_64 | 0.8.6 | 7.00 | 62.00 | 69.00 | OK |
Version: 0.8.6
Check: dependencies in R code
Result: NOTE
Namespaces in Imports field not imported from:
‘RColorBrewer’ ‘ggplot2’ ‘re2’ ‘rmarkdown’ ‘shinyWidgets’
‘shinydashboard’ ‘shinyjs’
All declared Imports should be used.
Flavors: r-devel-linux-x86_64-fedora-clang, r-devel-linux-x86_64-fedora-gcc