Last updated on 2024-06-14 13:56:16 CEST.
Flavor | Version | Tinstall | Tcheck | Ttotal | Status | Flags |
---|---|---|---|---|---|---|
r-devel-linux-x86_64-debian-clang | 0.2.0 | 16.71 | 220.32 | 237.03 | OK | |
r-devel-linux-x86_64-debian-gcc | 0.2.0 | 13.60 | 164.47 | 178.07 | OK | |
r-devel-linux-x86_64-fedora-clang | 0.2.0 | 293.94 | NOTE | |||
r-devel-linux-x86_64-fedora-gcc | 0.2.0 | 308.64 | NOTE | |||
r-devel-windows-x86_64 | 0.2.0 | 15.00 | 175.00 | 190.00 | OK | |
r-patched-linux-x86_64 | 0.2.0 | 16.48 | 208.88 | 225.36 | OK | |
r-release-linux-x86_64 | 0.2.0 | 14.63 | 209.94 | 224.57 | OK | |
r-release-macos-arm64 | 0.2.0 | 88.00 | OK | |||
r-release-macos-x86_64 | 0.2.0 | 172.00 | OK | |||
r-release-windows-x86_64 | 0.2.0 | 18.00 | 175.00 | 193.00 | OK | |
r-oldrel-macos-arm64 | 0.2.0 | 84.00 | OK | |||
r-oldrel-macos-x86_64 | 0.2.0 | 143.00 | OK | |||
r-oldrel-windows-x86_64 | 0.2.0 | 21.00 | 220.00 | 241.00 | OK |
Version: 0.2.0
Check: dependencies in R code
Result: NOTE
Namespace in Imports field not imported from: ‘utils’
All declared Imports should be used.
Flavors: r-devel-linux-x86_64-fedora-clang, r-devel-linux-x86_64-fedora-gcc