Last updated on 2024-08-16 12:49:05 CEST.
Flavor | Version | Tinstall | Tcheck | Ttotal | Status | Flags |
---|---|---|---|---|---|---|
r-devel-linux-x86_64-debian-clang | 1.2.0 | 9.71 | 86.42 | 96.13 | OK | |
r-devel-linux-x86_64-debian-gcc | 1.2.0 | 6.07 | 69.13 | 75.20 | OK | |
r-devel-linux-x86_64-fedora-clang | 1.2.0 | 155.40 | NOTE | |||
r-devel-linux-x86_64-fedora-gcc | 1.2.0 | 158.61 | NOTE | |||
r-devel-windows-x86_64 | 1.2.0 | 13.00 | 120.00 | 133.00 | OK | |
r-patched-linux-x86_64 | 1.2.0 | 9.11 | 84.75 | 93.86 | OK | |
r-release-linux-x86_64 | 1.2.0 | 8.16 | 85.77 | 93.93 | OK | |
r-release-macos-arm64 | 1.2.0 | 69.00 | OK | |||
r-release-macos-x86_64 | 1.2.0 | 91.00 | OK | |||
r-release-windows-x86_64 | 1.2.0 | 14.00 | 120.00 | 134.00 | OK | |
r-oldrel-macos-arm64 | 1.2.0 | 69.00 | OK | |||
r-oldrel-macos-x86_64 | 1.2.0 | 120.00 | OK | |||
r-oldrel-windows-x86_64 | 1.2.0 | 15.00 | 135.00 | 150.00 | OK |
Version: 1.2.0
Check: data for non-ASCII characters
Result: NOTE
Note: found 9044 marked UTF-8 strings
Flavors: r-devel-linux-x86_64-fedora-clang, r-devel-linux-x86_64-fedora-gcc