Last updated on 2024-07-18 01:55:28 CEST.
Flavor | Version | Tinstall | Tcheck | Ttotal | Status | Flags |
---|---|---|---|---|---|---|
r-devel-linux-x86_64-debian-clang | 0.4.4 | 31.43 | 34.01 | 65.44 | NOTE | |
r-devel-linux-x86_64-debian-gcc | 0.4.4 | 26.39 | 28.12 | 54.51 | NOTE | |
r-devel-linux-x86_64-fedora-clang | 0.4.4 | 82.38 | NOTE | |||
r-devel-linux-x86_64-fedora-gcc | 0.4.4 | 99.06 | NOTE | |||
r-devel-windows-x86_64 | 0.4.4 | 36.00 | 54.00 | 90.00 | NOTE | |
r-patched-linux-x86_64 | 0.4.4 | 30.22 | 34.76 | 64.98 | NOTE | |
r-release-linux-x86_64 | 0.4.4 | 30.75 | 35.69 | 66.44 | NOTE | |
r-release-macos-arm64 | 0.4.4 | 28.00 | NOTE | |||
r-release-macos-x86_64 | 0.4.4 | 44.00 | NOTE | |||
r-release-windows-x86_64 | 0.4.4 | 37.00 | 55.00 | 92.00 | NOTE | |
r-oldrel-macos-arm64 | 0.4.4 | 32.00 | NOTE | |||
r-oldrel-macos-x86_64 | 0.4.4 | 45.00 | NOTE | |||
r-oldrel-windows-x86_64 | 0.4.4 | 46.00 | 72.00 | 118.00 | NOTE |
Version: 0.4.4
Check: LazyData
Result: NOTE
'LazyData' is specified without a 'data' directory
Flavors: r-devel-linux-x86_64-debian-clang, r-devel-linux-x86_64-debian-gcc, r-devel-linux-x86_64-fedora-clang, r-devel-linux-x86_64-fedora-gcc, r-devel-windows-x86_64, r-patched-linux-x86_64, r-release-linux-x86_64, r-release-macos-arm64, r-release-macos-x86_64, r-release-windows-x86_64, r-oldrel-macos-arm64, r-oldrel-macos-x86_64, r-oldrel-windows-x86_64
Version: 0.4.4
Check: installed package size
Result: NOTE
installed size is 13.5Mb
sub-directories of 1Mb or more:
libs 13.0Mb
Flavors: r-release-macos-arm64, r-release-macos-x86_64, r-oldrel-macos-arm64, r-oldrel-macos-x86_64