Last updated on 2024-07-18 01:55:28 CEST.
Flavor | Version | Tinstall | Tcheck | Ttotal | Status | Flags |
---|---|---|---|---|---|---|
r-devel-linux-x86_64-debian-clang | 0.3 | 4.15 | 53.71 | 57.86 | OK | |
r-devel-linux-x86_64-debian-gcc | 0.3 | 3.51 | 38.02 | 41.53 | OK | |
r-devel-linux-x86_64-fedora-clang | 0.3 | 70.76 | OK | |||
r-devel-linux-x86_64-fedora-gcc | 0.3 | 67.48 | OK | |||
r-devel-windows-x86_64 | 0.3 | 9.00 | 63.00 | 72.00 | NOTE | |
r-patched-linux-x86_64 | 0.3 | 3.83 | 51.03 | 54.86 | OK | |
r-release-linux-x86_64 | 0.3 | 3.88 | 50.73 | 54.61 | OK | |
r-release-macos-arm64 | 0.3 | 22.00 | OK | |||
r-release-macos-x86_64 | 0.3 | 36.00 | OK | |||
r-release-windows-x86_64 | 0.3 | 7.00 | 64.00 | 71.00 | OK | |
r-oldrel-macos-arm64 | 0.3 | 22.00 | OK | |||
r-oldrel-macos-x86_64 | 0.3 | 38.00 | OK | |||
r-oldrel-windows-x86_64 | 0.3 | 8.00 | 74.00 | 82.00 | OK |
Version: 0.3
Check: Rd cross-references
Result: NOTE
Found the following Rd file(s) with Rd \link{} targets missing package
anchors:
coxsei-package.Rd: survival
Please provide package anchors for all Rd \link{} targets not in the
package itself and the base packages.
Flavor: r-devel-windows-x86_64