Last updated on 2024-08-16 12:49:06 CEST.
Flavor | Version | Tinstall | Tcheck | Ttotal | Status | Flags |
---|---|---|---|---|---|---|
r-devel-linux-x86_64-debian-clang | 0.1.6 | 4.16 | 141.23 | 145.39 | OK | |
r-devel-linux-x86_64-debian-gcc | 0.1.6 | 2.57 | 87.10 | 89.67 | OK | |
r-devel-linux-x86_64-fedora-clang | 0.1.6 | 240.89 | NOTE | |||
r-devel-linux-x86_64-fedora-gcc | 0.1.6 | 241.93 | OK | |||
r-devel-windows-x86_64 | 0.1.6 | 7.00 | 258.00 | 265.00 | OK | |
r-patched-linux-x86_64 | 0.1.6 | 4.38 | 132.39 | 136.77 | OK | |
r-release-linux-x86_64 | 0.1.6 | 3.80 | 133.75 | 137.55 | OK | |
r-release-macos-arm64 | 0.1.6 | 65.00 | OK | |||
r-release-macos-x86_64 | 0.1.6 | 206.00 | OK | |||
r-release-windows-x86_64 | 0.1.6 | 7.00 | 267.00 | 274.00 | OK | |
r-oldrel-macos-arm64 | 0.1.6 | 102.00 | OK | |||
r-oldrel-macos-x86_64 | 0.1.6 | 221.00 | OK | |||
r-oldrel-windows-x86_64 | 0.1.6 | 7.00 | 274.00 | 281.00 | OK |
Version: 0.1.6
Check: Rd cross-references
Result: NOTE
Undeclared package ‘dfcrm’ in Rd xrefs
Flavor: r-devel-linux-x86_64-fedora-clang