Last updated on 2024-08-16 12:49:06 CEST.
Flavor | Version | Tinstall | Tcheck | Ttotal | Status | Flags |
---|---|---|---|---|---|---|
r-devel-linux-x86_64-debian-clang | 0.2.3 | 10.67 | 90.03 | 100.70 | NOTE | |
r-devel-linux-x86_64-debian-gcc | 0.2.3 | 7.62 | 64.96 | 72.58 | NOTE | |
r-devel-linux-x86_64-fedora-clang | 0.2.3 | 160.54 | NOTE | |||
r-devel-linux-x86_64-fedora-gcc | 0.2.3 | 163.00 | NOTE | |||
r-devel-windows-x86_64 | 0.2.3 | 13.00 | 103.00 | 116.00 | NOTE | |
r-patched-linux-x86_64 | 0.2.3 | 15.14 | 84.62 | 99.76 | OK | |
r-release-linux-x86_64 | 0.2.3 | 10.07 | 85.90 | 95.97 | OK | |
r-release-macos-arm64 | 0.2.3 | 53.00 | OK | |||
r-release-macos-x86_64 | 0.2.3 | 75.00 | OK | |||
r-release-windows-x86_64 | 0.2.3 | 12.00 | 102.00 | 114.00 | OK | |
r-oldrel-macos-arm64 | 0.2.3 | 56.00 | OK | |||
r-oldrel-macos-x86_64 | 0.2.3 | 87.00 | OK | |||
r-oldrel-windows-x86_64 | 0.2.3 | 14.00 | 117.00 | 131.00 | OK |
Version: 0.2.3
Check: Rd cross-references
Result: NOTE
Found the following Rd file(s) with Rd \link{} targets missing package
anchors:
crsra_anonymize.Rd: digest
Please provide package anchors for all Rd \link{} targets not in the
package itself and the base packages.
Flavors: r-devel-linux-x86_64-debian-clang, r-devel-linux-x86_64-debian-gcc, r-devel-windows-x86_64
Version: 0.2.3
Check: data for non-ASCII characters
Result: NOTE
Note: found 500 marked UTF-8 strings
Flavors: r-devel-linux-x86_64-fedora-clang, r-devel-linux-x86_64-fedora-gcc