Last updated on 2025-07-08 13:49:06 CEST.
Flavor | Version | Tinstall | Tcheck | Ttotal | Status | Flags |
---|---|---|---|---|---|---|
r-devel-linux-x86_64-debian-clang | 2.0.1 | 13.49 | 23.83 | 37.32 | NOTE | |
r-devel-linux-x86_64-debian-gcc | 2.0.1 | 10.11 | 20.30 | 30.41 | NOTE | |
r-devel-linux-x86_64-fedora-clang | 2.0.1 | 59.82 | OK | |||
r-devel-linux-x86_64-fedora-gcc | 2.0.1 | 58.97 | OK | |||
r-devel-windows-x86_64 | 2.0.1 | 17.00 | 66.00 | 83.00 | OK | |
r-patched-linux-x86_64 | 2.0.1 | 14.42 | 22.50 | 36.92 | OK | |
r-release-linux-x86_64 | 2.0.1 | 13.48 | 22.23 | 35.71 | OK | |
r-release-macos-arm64 | 2.0.1 | 22.00 | OK | |||
r-release-macos-x86_64 | 2.0.1 | 37.00 | OK | |||
r-release-windows-x86_64 | 2.0.1 | 18.00 | 66.00 | 84.00 | OK | |
r-oldrel-macos-arm64 | 2.0.1 | 22.00 | OK | |||
r-oldrel-macos-x86_64 | 2.0.1 | 34.00 | OK | |||
r-oldrel-windows-x86_64 | 2.0.1 | 20.00 | 73.00 | 93.00 | OK |
Version: 2.0.1
Check: CRAN incoming feasibility
Result: NOTE
Maintainer: ‘Ningning Xu <ningningxu312@gmail.com>’
No Authors@R field in DESCRIPTION.
Please add one, modifying
Authors@R: person(given = "Ningning",
family = "Xu",
role = c("aut", "cre"),
email = "ningningxu312@gmail.com")
as necessary.
Flavors: r-devel-linux-x86_64-debian-clang, r-devel-linux-x86_64-debian-gcc