Last updated on 2024-07-18 01:55:28 CEST.
Flavor | Version | Tinstall | Tcheck | Ttotal | Status | Flags |
---|---|---|---|---|---|---|
r-devel-linux-x86_64-debian-clang | 0.2.0 | 35.67 | 288.82 | 324.49 | NOTE | |
r-devel-linux-x86_64-debian-gcc | 0.2.0 | 23.85 | 204.98 | 228.83 | NOTE | |
r-devel-linux-x86_64-fedora-clang | 0.2.0 | 387.08 | NOTE | |||
r-devel-linux-x86_64-fedora-gcc | 0.2.0 | 360.50 | NOTE | |||
r-devel-windows-x86_64 | 0.2.0 | 25.00 | 168.00 | 193.00 | NOTE | |
r-patched-linux-x86_64 | 0.2.0 | 31.66 | 267.21 | 298.87 | NOTE | |
r-release-linux-x86_64 | 0.2.0 | 24.23 | 267.84 | 292.07 | NOTE | |
r-release-macos-arm64 | 0.2.0 | 79.00 | NOTE | |||
r-release-macos-x86_64 | 0.2.0 | 133.00 | NOTE | |||
r-release-windows-x86_64 | 0.2.0 | 24.00 | 167.00 | 191.00 | NOTE | |
r-oldrel-macos-arm64 | 0.2.0 | 87.00 | NOTE | |||
r-oldrel-macos-x86_64 | 0.2.0 | 149.00 | NOTE | |||
r-oldrel-windows-x86_64 | 0.2.0 | 32.00 | 218.00 | 250.00 | NOTE |
Version: 0.2.0
Check: LazyData
Result: NOTE
'LazyData' is specified without a 'data' directory
Flavors: r-devel-linux-x86_64-debian-clang, r-devel-linux-x86_64-debian-gcc, r-devel-linux-x86_64-fedora-clang, r-devel-linux-x86_64-fedora-gcc, r-devel-windows-x86_64, r-patched-linux-x86_64, r-release-linux-x86_64, r-release-macos-arm64, r-release-macos-x86_64, r-release-windows-x86_64, r-oldrel-macos-arm64, r-oldrel-macos-x86_64, r-oldrel-windows-x86_64
Version: 0.2.0
Check: Rd cross-references
Result: NOTE
Found the following Rd file(s) with Rd \link{} targets missing package
anchors:
cubeViewOutput.Rd: shinyWidgetOutput
cubeview.Rd: levelplot
Please provide package anchors for all Rd \link{} targets not in the
package itself and the base packages.
Flavor: r-devel-windows-x86_64