Last updated on 2024-07-18 01:55:29 CEST.
Flavor | Version | Tinstall | Tcheck | Ttotal | Status | Flags |
---|---|---|---|---|---|---|
r-devel-linux-x86_64-debian-clang | 0.5.1 | 6.55 | 91.05 | 97.60 | OK | |
r-devel-linux-x86_64-debian-gcc | 0.5.1 | 4.84 | 69.20 | 74.04 | OK | |
r-devel-linux-x86_64-fedora-clang | 0.5.1 | 124.18 | NOTE | |||
r-devel-linux-x86_64-fedora-gcc | 0.5.1 | 117.56 | NOTE | |||
r-devel-windows-x86_64 | 0.5.1 | 8.00 | 95.00 | 103.00 | OK | |
r-patched-linux-x86_64 | 0.5.1 | 7.29 | 85.66 | 92.95 | OK | |
r-release-linux-x86_64 | 0.5.1 | 5.04 | 88.23 | 93.27 | OK | |
r-release-macos-arm64 | 0.5.1 | 42.00 | OK | |||
r-release-macos-x86_64 | 0.5.1 | 63.00 | OK | |||
r-release-windows-x86_64 | 0.5.1 | 9.00 | 95.00 | 104.00 | OK | |
r-oldrel-macos-arm64 | 0.5.1 | 47.00 | OK | |||
r-oldrel-macos-x86_64 | 0.5.1 | 107.00 | OK | |||
r-oldrel-windows-x86_64 | 0.5.1 | 8.00 | 111.00 | 119.00 | OK |
Version: 0.5.1
Check: data for non-ASCII characters
Result: NOTE
Note: found 54339 marked UTF-8 strings
Flavors: r-devel-linux-x86_64-fedora-clang, r-devel-linux-x86_64-fedora-gcc