Last updated on 2024-07-18 01:55:29 CEST.
Flavor | Version | Tinstall | Tcheck | Ttotal | Status | Flags |
---|---|---|---|---|---|---|
r-devel-linux-x86_64-debian-clang | 0.1.6 | 78.16 | 61.41 | 139.57 | NOTE | |
r-devel-linux-x86_64-debian-gcc | 0.1.6 | 49.29 | 44.23 | 93.52 | NOTE | |
r-devel-linux-x86_64-fedora-clang | 0.1.6 | 184.42 | NOTE | |||
r-devel-linux-x86_64-fedora-gcc | 0.1.6 | 184.73 | NOTE | |||
r-devel-windows-x86_64 | 0.1.6 | 58.00 | 80.00 | 138.00 | NOTE | |
r-patched-linux-x86_64 | 0.1.6 | 64.06 | 57.16 | 121.22 | NOTE | |
r-release-linux-x86_64 | 0.1.6 | 42.90 | 57.25 | 100.15 | NOTE | |
r-release-macos-arm64 | 0.1.6 | 39.00 | NOTE | |||
r-release-macos-x86_64 | 0.1.6 | 53.00 | NOTE | |||
r-release-windows-x86_64 | 0.1.6 | 61.00 | 81.00 | 142.00 | NOTE | |
r-oldrel-macos-arm64 | 0.1.6 | 43.00 | NOTE | |||
r-oldrel-macos-x86_64 | 0.1.6 | 75.00 | NOTE | |||
r-oldrel-windows-x86_64 | 0.1.6 | 72.00 | 93.00 | 165.00 | NOTE |
Version: 0.1.6
Check: C++ specification
Result: NOTE
Specified C++11: please drop specification unless essential
Flavors: r-devel-linux-x86_64-debian-clang, r-devel-linux-x86_64-debian-gcc, r-devel-linux-x86_64-fedora-clang, r-devel-linux-x86_64-fedora-gcc, r-devel-windows-x86_64, r-patched-linux-x86_64, r-release-linux-x86_64, r-release-macos-arm64, r-release-macos-x86_64, r-release-windows-x86_64, r-oldrel-macos-arm64, r-oldrel-macos-x86_64, r-oldrel-windows-x86_64