Last updated on 2025-11-08 00:48:54 CET.
| Flavor | Version | Tinstall | Tcheck | Ttotal | Status | Flags |
|---|---|---|---|---|---|---|
| r-devel-linux-x86_64-debian-clang | 0.5.0 | 6.74 | 1107.11 | 1113.85 | OK | |
| r-devel-linux-x86_64-debian-gcc | 0.5.0 | 4.56 | 802.23 | 806.79 | OK | |
| r-devel-linux-x86_64-fedora-clang | 0.5.0 | 48.00 | 1321.39 | 1369.39 | OK | |
| r-devel-linux-x86_64-fedora-gcc | 0.5.0 | 37.00 | 1119.76 | 1156.76 | OK | |
| r-devel-windows-x86_64 | 0.5.0 | 9.00 | 515.00 | 524.00 | OK | |
| r-patched-linux-x86_64 | 0.5.0 | 6.07 | 642.33 | 648.40 | OK | |
| r-release-linux-x86_64 | 0.5.0 | 6.32 | 691.06 | 697.38 | OK | |
| r-release-macos-arm64 | 0.5.0 | 3.00 | 217.00 | 220.00 | OK | |
| r-release-macos-x86_64 | 0.5.0 | 6.00 | 475.00 | 481.00 | OK | |
| r-release-windows-x86_64 | 0.5.0 | 8.00 | 499.00 | 507.00 | OK | |
| r-oldrel-macos-arm64 | 0.5.0 | 3.00 | 173.00 | 176.00 | NOTE | |
| r-oldrel-macos-x86_64 | 0.5.0 | 4.00 | 313.00 | 317.00 | NOTE | |
| r-oldrel-windows-x86_64 | 0.5.0 | 13.00 | 663.00 | 676.00 | OK |
Version: 0.5.0
Check: package dependencies
Result: NOTE
Package suggested but not available for checking: ‘OSAT’
Flavors: r-oldrel-macos-arm64, r-oldrel-macos-x86_64