Last updated on 2024-08-16 12:49:06 CEST.
Flavor | Version | Tinstall | Tcheck | Ttotal | Status | Flags |
---|---|---|---|---|---|---|
r-devel-linux-x86_64-debian-clang | 0.2.2 | 44.66 | 92.80 | 137.46 | OK | |
r-devel-linux-x86_64-debian-gcc | 0.2.2 | 36.49 | 70.03 | 106.52 | OK | |
r-devel-linux-x86_64-fedora-clang | 0.2.2 | 248.33 | NOTE | |||
r-devel-linux-x86_64-fedora-gcc | 0.2.2 | 273.28 | NOTE | |||
r-devel-windows-x86_64 | 0.2.2 | 54.00 | 144.00 | 198.00 | OK | |
r-patched-linux-x86_64 | 0.2.2 | 48.29 | 98.55 | 146.84 | OK | |
r-release-linux-x86_64 | 0.2.2 | 50.25 | 98.43 | 148.68 | OK | |
r-release-macos-arm64 | 0.2.2 | 108.00 | NOTE | |||
r-release-macos-x86_64 | 0.2.2 | 222.00 | NOTE | |||
r-release-windows-x86_64 | 0.2.2 | 53.00 | 142.00 | 195.00 | OK | |
r-oldrel-macos-arm64 | 0.2.2 | 96.00 | NOTE | |||
r-oldrel-macos-x86_64 | 0.2.2 | 226.00 | NOTE | |||
r-oldrel-windows-x86_64 | 0.2.2 | 64.00 | 163.00 | 227.00 | OK |
Version: 0.2.2
Check: dependencies in R code
Result: NOTE
Namespace in Imports field not imported from: ‘Rcpp’
All declared Imports should be used.
Flavors: r-devel-linux-x86_64-fedora-clang, r-devel-linux-x86_64-fedora-gcc
Version: 0.2.2
Check: installed package size
Result: NOTE
installed size is 5.9Mb
sub-directories of 1Mb or more:
doc 1.8Mb
libs 3.7Mb
Flavors: r-release-macos-arm64, r-release-macos-x86_64, r-oldrel-macos-arm64, r-oldrel-macos-x86_64