Last updated on 2024-06-14 13:56:17 CEST.
Flavor | Version | Tinstall | Tcheck | Ttotal | Status | Flags |
---|---|---|---|---|---|---|
r-devel-linux-x86_64-debian-clang | 2.8.2 | 21.27 | 67.58 | 88.85 | OK | |
r-devel-linux-x86_64-debian-gcc | 2.8.2 | 16.93 | 50.88 | 67.81 | OK | |
r-devel-linux-x86_64-fedora-clang | 2.8.2 | 113.16 | NOTE | |||
r-devel-linux-x86_64-fedora-gcc | 2.8.2 | 106.46 | OK | |||
r-devel-windows-x86_64 | 2.8.2 | 17.00 | 73.00 | 90.00 | OK | |
r-patched-linux-x86_64 | 2.8.2 | 21.32 | 63.52 | 84.84 | OK | |
r-release-linux-x86_64 | 2.8.2 | 18.43 | 64.34 | 82.77 | OK | |
r-release-macos-arm64 | 2.8.2 | 36.00 | OK | |||
r-release-macos-x86_64 | 2.8.2 | 56.00 | OK | |||
r-release-windows-x86_64 | 2.8.2 | 18.00 | 72.00 | 90.00 | OK | |
r-oldrel-macos-arm64 | 2.8.2 | 50.00 | OK | |||
r-oldrel-macos-x86_64 | 2.8.2 | 67.00 | OK | |||
r-oldrel-windows-x86_64 | 2.8.2 | 23.00 | 70.00 | 93.00 | OK |
Version: 2.8.2
Check: Rd cross-references
Result: NOTE
Undeclared package ‘distr’ in Rd xrefs
Flavor: r-devel-linux-x86_64-fedora-clang