Last updated on 2024-07-18 01:55:29 CEST.
Flavor | Version | Tinstall | Tcheck | Ttotal | Status | Flags |
---|---|---|---|---|---|---|
r-devel-linux-x86_64-debian-clang | 0.3.2 | 3.79 | 36.40 | 40.19 | OK | |
r-devel-linux-x86_64-debian-gcc | 0.3.2 | 2.95 | 27.63 | 30.58 | OK | |
r-devel-linux-x86_64-fedora-clang | 0.3.2 | 60.11 | OK | |||
r-devel-linux-x86_64-fedora-gcc | 0.3.2 | 54.89 | OK | |||
r-devel-windows-x86_64 | 0.3.2 | 5.00 | 53.00 | 58.00 | NOTE | |
r-patched-linux-x86_64 | 0.3.2 | 6.13 | 33.61 | 39.74 | OK | |
r-release-linux-x86_64 | 0.3.2 | 3.56 | 33.77 | 37.33 | OK | |
r-release-macos-arm64 | 0.3.2 | 20.00 | OK | |||
r-release-macos-x86_64 | 0.3.2 | 30.00 | OK | |||
r-release-windows-x86_64 | 0.3.2 | 4.00 | 56.00 | 60.00 | OK | |
r-oldrel-macos-arm64 | 0.3.2 | 20.00 | OK | |||
r-oldrel-macos-x86_64 | 0.3.2 | 28.00 | OK | |||
r-oldrel-windows-x86_64 | 0.3.2 | 5.00 | 58.00 | 63.00 | OK |
Version: 0.3.2
Check: Rd cross-references
Result: NOTE
Found the following Rd file(s) with Rd \link{} targets missing package
anchors:
to_miniature.Rd: image_border, pdf_convert, image_read
Please provide package anchors for all Rd \link{} targets not in the
package itself and the base packages.
Flavor: r-devel-windows-x86_64