Last updated on 2024-08-16 12:49:07 CEST.
Flavor | Version | Tinstall | Tcheck | Ttotal | Status | Flags |
---|---|---|---|---|---|---|
r-devel-linux-x86_64-debian-clang | 0.1.7 | 1.64 | 22.98 | 24.62 | OK | |
r-devel-linux-x86_64-debian-gcc | 0.1.7 | 1.28 | 18.05 | 19.33 | OK | |
r-devel-linux-x86_64-fedora-clang | 0.1.7 | 40.48 | NOTE | |||
r-devel-linux-x86_64-fedora-gcc | 0.1.7 | 50.85 | NOTE | |||
r-devel-windows-x86_64 | 0.1.7 | 4.00 | 44.00 | 48.00 | OK | |
r-patched-linux-x86_64 | 0.1.7 | 1.49 | 21.82 | 23.31 | OK | |
r-release-linux-x86_64 | 0.1.7 | 1.55 | 22.04 | 23.59 | OK | |
r-release-macos-arm64 | 0.1.7 | 24.00 | OK | |||
r-release-macos-x86_64 | 0.1.7 | 40.00 | OK | |||
r-release-windows-x86_64 | 0.1.7 | 4.00 | 44.00 | 48.00 | OK | |
r-oldrel-macos-arm64 | 0.1.7 | 24.00 | OK | |||
r-oldrel-macos-x86_64 | 0.1.7 | 33.00 | OK | |||
r-oldrel-windows-x86_64 | 0.1.7 | 3.00 | 46.00 | 49.00 | OK |
Version: 0.1.7
Check: data for non-ASCII characters
Result: NOTE
Note: found 103 marked UTF-8 strings
Flavors: r-devel-linux-x86_64-fedora-clang, r-devel-linux-x86_64-fedora-gcc