Last updated on 2024-08-16 12:49:07 CEST.
Flavor | Version | Tinstall | Tcheck | Ttotal | Status | Flags |
---|---|---|---|---|---|---|
r-devel-linux-x86_64-debian-clang | 0.91.3.4 | 1.49 | 30.51 | 32.00 | OK | |
r-devel-linux-x86_64-debian-gcc | 0.91.3.4 | 1.36 | 23.13 | 24.49 | OK | |
r-devel-linux-x86_64-fedora-clang | 0.91.3.4 | 53.52 | NOTE | |||
r-devel-linux-x86_64-fedora-gcc | 0.91.3.4 | 64.30 | NOTE | |||
r-devel-windows-x86_64 | 0.91.3.4 | 3.00 | 57.00 | 60.00 | OK | |
r-patched-linux-x86_64 | 0.91.3.4 | 1.54 | 29.53 | 31.07 | OK | |
r-release-linux-x86_64 | 0.91.3.4 | 1.31 | 29.77 | 31.08 | OK | |
r-release-macos-arm64 | 0.91.3.4 | 26.00 | OK | |||
r-release-macos-x86_64 | 0.91.3.4 | 39.00 | OK | |||
r-release-windows-x86_64 | 0.91.3.4 | 4.00 | 57.00 | 61.00 | OK | |
r-oldrel-macos-arm64 | 0.91.3.4 | 27.00 | OK | |||
r-oldrel-macos-x86_64 | 0.91.3.4 | 37.00 | OK | |||
r-oldrel-windows-x86_64 | 0.91.3.4 | 2.00 | 57.00 | 59.00 | OK |
Version: 0.91.3.4
Check: dependencies in R code
Result: NOTE
Namespace in Imports field not imported from: ‘mnormt’
All declared Imports should be used.
Flavors: r-devel-linux-x86_64-fedora-clang, r-devel-linux-x86_64-fedora-gcc