Last updated on 2024-06-14 13:56:18 CEST.
Flavor | Version | Tinstall | Tcheck | Ttotal | Status | Flags |
---|---|---|---|---|---|---|
r-devel-linux-x86_64-debian-clang | 1.8.0 | 39.03 | 93.97 | 133.00 | NOTE | |
r-devel-linux-x86_64-debian-gcc | 1.8.0 | 25.74 | 71.42 | 97.16 | NOTE | |
r-devel-linux-x86_64-fedora-clang | 1.9.0 | 189.89 | OK | |||
r-devel-linux-x86_64-fedora-gcc | 1.9.0 | 193.94 | OK | |||
r-devel-windows-x86_64 | 1.8.0 | 31.00 | 112.00 | 143.00 | NOTE | |
r-patched-linux-x86_64 | 1.8.0 | 33.88 | 91.11 | 124.99 | NOTE | |
r-release-linux-x86_64 | 1.8.0 | 26.14 | 91.29 | 117.43 | NOTE | |
r-release-macos-arm64 | 1.8.0 | 54.00 | NOTE | |||
r-release-macos-x86_64 | 1.9.0 | 134.00 | OK | |||
r-release-windows-x86_64 | 1.9.0 | 32.00 | 117.00 | 149.00 | OK | |
r-oldrel-macos-arm64 | 1.8.0 | 56.00 | NOTE | |||
r-oldrel-macos-x86_64 | 1.9.0 | 107.00 | OK | |||
r-oldrel-windows-x86_64 | 1.8.0 | 40.00 | 127.00 | 167.00 | NOTE |
Version: 1.8.0
Check: C++ specification
Result: NOTE
Specified C++11: please drop specification unless essential
Flavors: r-devel-linux-x86_64-debian-clang, r-devel-linux-x86_64-debian-gcc, r-devel-windows-x86_64, r-patched-linux-x86_64, r-release-linux-x86_64, r-release-macos-arm64, r-oldrel-macos-arm64, r-oldrel-windows-x86_64