Last updated on 2024-07-18 01:55:29 CEST.
Flavor | Version | Tinstall | Tcheck | Ttotal | Status | Flags |
---|---|---|---|---|---|---|
r-devel-linux-x86_64-debian-clang | 0.8.0 | 4.04 | 30.93 | 34.97 | OK | |
r-devel-linux-x86_64-debian-gcc | 0.8.0 | 3.12 | 23.46 | 26.58 | OK | |
r-devel-linux-x86_64-fedora-clang | 0.8.0 | 44.31 | NOTE | |||
r-devel-linux-x86_64-fedora-gcc | 0.8.0 | 42.15 | NOTE | |||
r-devel-windows-x86_64 | 0.8.0 | 6.00 | 52.00 | 58.00 | OK | |
r-patched-linux-x86_64 | 0.8.0 | 4.05 | 30.09 | 34.14 | OK | |
r-release-linux-x86_64 | 0.8.0 | 4.08 | 29.65 | 33.73 | OK | |
r-release-macos-arm64 | 0.8.0 | 19.00 | OK | |||
r-release-macos-x86_64 | 0.8.0 | 28.00 | OK | |||
r-release-windows-x86_64 | 0.8.0 | 6.00 | 52.00 | 58.00 | OK | |
r-oldrel-macos-arm64 | 0.8.0 | 26.00 | OK | |||
r-oldrel-macos-x86_64 | 0.8.0 | 32.00 | OK | |||
r-oldrel-windows-x86_64 | 0.8.0 | 7.00 | 56.00 | 63.00 | OK |
Version: 0.8.0
Check: data for non-ASCII characters
Result: NOTE
Note: found 4891 marked UTF-8 strings
Flavors: r-devel-linux-x86_64-fedora-clang, r-devel-linux-x86_64-fedora-gcc