Last updated on 2024-07-18 01:55:29 CEST.
Flavor | Version | Tinstall | Tcheck | Ttotal | Status | Flags |
---|---|---|---|---|---|---|
r-devel-linux-x86_64-debian-clang | 0.1.2 | 9.30 | 87.90 | 97.20 | NOTE | |
r-devel-linux-x86_64-debian-gcc | 0.1.2 | 6.83 | 64.97 | 71.80 | NOTE | |
r-devel-linux-x86_64-fedora-clang | 0.1.2 | 121.34 | NOTE | |||
r-devel-linux-x86_64-fedora-gcc | 0.1.2 | 114.89 | NOTE | |||
r-devel-windows-x86_64 | 0.1.2 | 10.00 | 95.00 | 105.00 | NOTE | |
r-patched-linux-x86_64 | 0.1.2 | 6.75 | 84.56 | 91.31 | NOTE | |
r-release-linux-x86_64 | 0.1.2 | 9.63 | 83.88 | 93.51 | NOTE | |
r-release-macos-arm64 | 0.1.2 | 40.00 | NOTE | |||
r-release-macos-x86_64 | 0.1.2 | 56.00 | NOTE | |||
r-release-windows-x86_64 | 0.1.2 | 11.00 | 95.00 | 106.00 | NOTE | |
r-oldrel-macos-arm64 | 0.1.2 | 43.00 | NOTE | |||
r-oldrel-macos-x86_64 | 0.1.2 | 67.00 | NOTE | |||
r-oldrel-windows-x86_64 | 0.1.2 | 13.00 | 113.00 | 126.00 | NOTE |
Version: 0.1.2
Check: Rd files
Result: NOTE
checkRd: (-1) NKI-breast-cancer-clinical-data.Rd:26: Escaped LaTeX specials: \&
checkRd: (-1) NKI-breast-cancer-clinical-data.Rd:33: Escaped LaTeX specials: \&
checkRd: (-1) NKI-breast-cancer-clinical-data.Rd:37: Escaped LaTeX specials: \&
checkRd: (-1) WBC-follow-up-data.Rd:13: Escaped LaTeX specials: \&
checkRd: (-1) WBC-follow-up-data.Rd:14: Escaped LaTeX specials: \&
checkRd: (-1) WBC-follow-up-data.Rd:26: Escaped LaTeX specials: \&
checkRd: (-1) WBC-follow-up-data.Rd:31: Escaped LaTeX specials: \&
checkRd: (-1) WBC-follow-up-data.Rd:41: Escaped LaTeX specials: \&
checkRd: (-1) WBC-measurements-data.Rd:13: Escaped LaTeX specials: \&
checkRd: (-1) WBC-measurements-data.Rd:14: Escaped LaTeX specials: \&
checkRd: (-1) WBC-measurements-data.Rd:25: Escaped LaTeX specials: \&
checkRd: (-1) WBC-measurements-data.Rd:30: Escaped LaTeX specials: \&
checkRd: (-1) WBC-measurements-data.Rd:40: Escaped LaTeX specials: \&
Flavors: r-devel-linux-x86_64-debian-clang, r-devel-linux-x86_64-debian-gcc, r-devel-linux-x86_64-fedora-clang, r-devel-linux-x86_64-fedora-gcc, r-devel-windows-x86_64, r-patched-linux-x86_64, r-release-linux-x86_64, r-release-macos-arm64, r-release-macos-x86_64, r-release-windows-x86_64, r-oldrel-macos-arm64, r-oldrel-macos-x86_64, r-oldrel-windows-x86_64
Version: 0.1.2
Check: compiled code
Result: NOTE
File ‘dynpred/libs/dynpred.so’:
Found no calls to: ‘R_registerRoutines’, ‘R_useDynamicSymbols’
It is good practice to register native routines and to disable symbol
search.
See ‘Writing portable packages’ in the ‘Writing R Extensions’ manual.
Flavors: r-devel-linux-x86_64-fedora-clang, r-devel-linux-x86_64-fedora-gcc