Last updated on 2024-07-18 01:55:30 CEST.
Flavor | Version | Tinstall | Tcheck | Ttotal | Status | Flags |
---|---|---|---|---|---|---|
r-devel-linux-x86_64-debian-clang | 1.5-3 | 120.55 | 37.72 | 158.27 | OK | |
r-devel-linux-x86_64-debian-gcc | 1.5-3 | 92.67 | 29.35 | 122.02 | OK | |
r-devel-linux-x86_64-fedora-clang | 1.5-3 | 247.44 | OK | |||
r-devel-linux-x86_64-fedora-gcc | 1.5-3 | 256.96 | OK | |||
r-devel-windows-x86_64 | 1.5-3 | 99.00 | 69.00 | 168.00 | NOTE | |
r-patched-linux-x86_64 | 1.5-3 | 106.00 | 37.30 | 143.30 | OK | |
r-release-linux-x86_64 | 1.5-3 | 97.86 | 37.20 | 135.06 | OK | |
r-release-macos-arm64 | 1.5-3 | 43.00 | OK | |||
r-release-macos-x86_64 | 1.5-3 | 49.00 | OK | |||
r-release-windows-x86_64 | 1.5-3 | 102.00 | 70.00 | 172.00 | OK | |
r-oldrel-macos-arm64 | 1.5-3 | 54.00 | OK | |||
r-oldrel-macos-x86_64 | 1.5-3 | 86.00 | OK | |||
r-oldrel-windows-x86_64 | 1.5-3 | 125.00 | 79.00 | 204.00 | OK |
Version: 1.5-3
Check: Rd cross-references
Result: NOTE
Found the following Rd file(s) with Rd \link{} targets missing package
anchors:
USData.Rd: xts
USRecessions.Rd: zoo
Please provide package anchors for all Rd \link{} targets not in the
package itself and the base packages.
Flavor: r-devel-windows-x86_64