Last updated on 2024-07-18 01:55:30 CEST.
Flavor | Version | Tinstall | Tcheck | Ttotal | Status | Flags |
---|---|---|---|---|---|---|
r-devel-linux-x86_64-debian-clang | 1.2.6.4 | 3.71 | 59.62 | 63.33 | OK | |
r-devel-linux-x86_64-debian-gcc | 1.2.6.4 | 3.08 | 42.79 | 45.87 | OK | |
r-devel-linux-x86_64-fedora-clang | 1.2.6.4 | 79.76 | OK | |||
r-devel-linux-x86_64-fedora-gcc | 1.2.6.4 | 89.03 | OK | |||
r-devel-windows-x86_64 | 1.2.6.4 | 8.00 | 82.00 | 90.00 | OK | |
r-patched-linux-x86_64 | 1.2.6.4 | 4.26 | 59.48 | 63.74 | OK | |
r-release-linux-x86_64 | 1.2.6.4 | 3.13 | 58.09 | 61.22 | OK | |
r-release-macos-arm64 | 1.2.6.4 | 31.00 | OK | |||
r-release-macos-x86_64 | 1.2.6.4 | 47.00 | OK | |||
r-release-windows-x86_64 | 1.2.6.4 | 7.00 | 83.00 | 90.00 | OK | |
r-oldrel-macos-arm64 | 1.2.6.4 | 42.00 | OK | |||
r-oldrel-macos-x86_64 | 1.2.6.4 | 60.00 | NOTE | |||
r-oldrel-windows-x86_64 | 1.2.6.4 | 8.00 | 82.00 | 90.00 | OK |
Version: 1.2.6.4
Check: package dependencies
Result: NOTE
Package suggested but not available for checking: ‘seacarb’
Flavor: r-oldrel-macos-x86_64