Last updated on 2024-08-16 12:49:07 CEST.
Flavor | Version | Tinstall | Tcheck | Ttotal | Status | Flags |
---|---|---|---|---|---|---|
r-devel-linux-x86_64-debian-clang | 1.5.0 | 8.35 | 151.82 | 160.17 | OK | |
r-devel-linux-x86_64-debian-gcc | 1.5.0 | 5.24 | 111.70 | 116.94 | OK | |
r-devel-linux-x86_64-fedora-clang | 1.5.0 | 257.30 | NOTE | |||
r-devel-linux-x86_64-fedora-gcc | 1.5.0 | 269.35 | NOTE | |||
r-devel-windows-x86_64 | 1.5.0 | 9.00 | 158.00 | 167.00 | OK | |
r-patched-linux-x86_64 | 1.5.0 | 7.68 | 150.80 | 158.48 | OK | |
r-release-linux-x86_64 | 1.5.0 | 7.86 | 152.26 | 160.12 | OK | |
r-release-macos-arm64 | 1.5.0 | 83.00 | OK | |||
r-release-macos-x86_64 | 1.5.0 | 120.00 | OK | |||
r-release-windows-x86_64 | 1.5.0 | 10.00 | 157.00 | 167.00 | OK | |
r-oldrel-macos-arm64 | 1.5.0 | 95.00 | OK | |||
r-oldrel-macos-x86_64 | 1.5.0 | 152.00 | OK | |||
r-oldrel-windows-x86_64 | 1.5.0 | 11.00 | 202.00 | 213.00 | OK |
Version: 1.5.0
Check: dependencies in R code
Result: NOTE
Namespace in Imports field not imported from: ‘Rdpack’
All declared Imports should be used.
Flavors: r-devel-linux-x86_64-fedora-clang, r-devel-linux-x86_64-fedora-gcc