Last updated on 2024-08-16 12:49:07 CEST.
Flavor | Version | Tinstall | Tcheck | Ttotal | Status | Flags |
---|---|---|---|---|---|---|
r-devel-linux-x86_64-debian-clang | 0.2.1 | 6.73 | 90.96 | 97.69 | OK | |
r-devel-linux-x86_64-debian-gcc | 0.2.1 | 5.84 | 63.53 | 69.37 | OK | |
r-devel-linux-x86_64-fedora-clang | 0.2.1 | 160.17 | NOTE | |||
r-devel-linux-x86_64-fedora-gcc | 0.2.1 | 159.98 | NOTE | |||
r-devel-windows-x86_64 | 0.2.1 | 10.00 | 99.00 | 109.00 | OK | |
r-patched-linux-x86_64 | 0.2.1 | 6.92 | 85.09 | 92.01 | OK | |
r-release-linux-x86_64 | 0.2.1 | 6.70 | 85.76 | 92.46 | OK | |
r-release-macos-arm64 | 0.2.1 | 52.00 | OK | |||
r-release-macos-x86_64 | 0.2.1 | 78.00 | OK | |||
r-release-windows-x86_64 | 0.2.1 | 11.00 | 96.00 | 107.00 | OK | |
r-oldrel-macos-arm64 | 0.2.1 | 45.00 | OK | |||
r-oldrel-macos-x86_64 | 0.2.1 | 94.00 | OK | |||
r-oldrel-windows-x86_64 | 0.2.1 | 11.00 | 119.00 | 130.00 | OK |
Version: 0.2.1
Check: data for non-ASCII characters
Result: NOTE
Note: found 6 marked UTF-8 strings
Flavors: r-devel-linux-x86_64-fedora-clang, r-devel-linux-x86_64-fedora-gcc