Last updated on 2024-08-16 12:49:07 CEST.
Flavor | Version | Tinstall | Tcheck | Ttotal | Status | Flags |
---|---|---|---|---|---|---|
r-devel-linux-x86_64-debian-clang | 1.1 | 7.49 | 60.91 | 68.40 | NOTE | |
r-devel-linux-x86_64-debian-gcc | 1.1 | 4.72 | 43.17 | 47.89 | NOTE | |
r-devel-linux-x86_64-fedora-clang | 1.1 | 106.41 | NOTE | |||
r-devel-linux-x86_64-fedora-gcc | 1.1 | 101.04 | NOTE | |||
r-devel-windows-x86_64 | 1.1 | 9.00 | 71.00 | 80.00 | NOTE | |
r-patched-linux-x86_64 | 1.1 | 7.36 | 58.00 | 65.36 | NOTE | |
r-release-linux-x86_64 | 1.1 | 6.03 | 58.23 | 64.26 | NOTE | |
r-release-macos-arm64 | 1.1 | 35.00 | NOTE | |||
r-release-macos-x86_64 | 1.1 | 48.00 | NOTE | |||
r-release-windows-x86_64 | 1.1 | 9.00 | 71.00 | 80.00 | NOTE | |
r-oldrel-macos-arm64 | 1.1 | 33.00 | NOTE | |||
r-oldrel-macos-x86_64 | 1.1 | 55.00 | NOTE | |||
r-oldrel-windows-x86_64 | 1.1 | 10.00 | 85.00 | 95.00 | NOTE |
Version: 1.1
Check: LazyData
Result: NOTE
'LazyData' is specified without a 'data' directory
Flavors: r-devel-linux-x86_64-debian-clang, r-devel-linux-x86_64-debian-gcc, r-devel-linux-x86_64-fedora-clang, r-devel-linux-x86_64-fedora-gcc, r-devel-windows-x86_64, r-patched-linux-x86_64, r-release-linux-x86_64, r-release-macos-arm64, r-release-macos-x86_64, r-release-windows-x86_64, r-oldrel-macos-arm64, r-oldrel-macos-x86_64, r-oldrel-windows-x86_64