Last updated on 2024-07-18 01:55:30 CEST.
Flavor | Version | Tinstall | Tcheck | Ttotal | Status | Flags |
---|---|---|---|---|---|---|
r-devel-linux-x86_64-debian-clang | 2.0.0 | 88.63 | 105.24 | 193.87 | OK | |
r-devel-linux-x86_64-debian-gcc | 2.0.0 | 66.88 | 72.48 | 139.36 | OK | |
r-devel-linux-x86_64-fedora-clang | 2.0.0 | 266.96 | OK | |||
r-devel-linux-x86_64-fedora-gcc | 2.0.0 | 264.73 | OK | |||
r-devel-windows-x86_64 | 2.0.0 | 73.00 | 124.00 | 197.00 | NOTE | |
r-patched-linux-x86_64 | 2.0.0 | 74.54 | 96.99 | 171.53 | OK | |
r-release-linux-x86_64 | 2.0.0 | 56.22 | 94.73 | 150.95 | OK | |
r-release-macos-arm64 | 2.0.0 | 52.00 | NOTE | |||
r-release-macos-x86_64 | 2.0.0 | 75.00 | NOTE | |||
r-release-windows-x86_64 | 2.0.0 | 71.00 | 124.00 | 195.00 | OK | |
r-oldrel-macos-arm64 | 2.0.0 | 66.00 | NOTE | |||
r-oldrel-macos-x86_64 | 2.0.0 | 115.00 | NOTE | |||
r-oldrel-windows-x86_64 | 2.0.0 | 90.00 | 141.00 | 231.00 | OK |
Version: 2.0.0
Check: Rd cross-references
Result: NOTE
Found the following Rd file(s) with Rd \link{} targets missing package
anchors:
dirichlet_tree.Rd: R6Class
Please provide package anchors for all Rd \link{} targets not in the
package itself and the base packages.
Flavor: r-devel-windows-x86_64
Version: 2.0.0
Check: installed package size
Result: NOTE
installed size is 9.1Mb
sub-directories of 1Mb or more:
libs 9.0Mb
Flavors: r-release-macos-arm64, r-release-macos-x86_64, r-oldrel-macos-arm64, r-oldrel-macos-x86_64