Last updated on 2024-08-16 12:49:07 CEST.
Flavor | Version | Tinstall | Tcheck | Ttotal | Status | Flags |
---|---|---|---|---|---|---|
r-devel-linux-x86_64-debian-clang | 1.1-28 | 30.94 | 248.97 | 279.91 | OK | |
r-devel-linux-x86_64-debian-gcc | 1.1-28 | 21.86 | 155.54 | 177.40 | OK | |
r-devel-linux-x86_64-fedora-clang | 1.1-28 | 452.77 | NOTE | |||
r-devel-linux-x86_64-fedora-gcc | 1.1-28 | 443.37 | NOTE | |||
r-devel-windows-x86_64 | 1.1-28 | 37.00 | 205.00 | 242.00 | OK | |
r-patched-linux-x86_64 | 1.1-28 | 32.98 | 227.26 | 260.24 | OK | |
r-release-linux-x86_64 | 1.1-28 | 34.37 | 228.06 | 262.43 | OK | |
r-release-macos-arm64 | 1.1-28 | 101.00 | OK | |||
r-release-macos-x86_64 | 1.1-28 | 184.00 | OK | |||
r-release-windows-x86_64 | 1.1-28 | 38.00 | 199.00 | 237.00 | OK | |
r-oldrel-macos-arm64 | 1.1-28 | 108.00 | OK | |||
r-oldrel-macos-x86_64 | 1.1-28 | 201.00 | OK | |||
r-oldrel-windows-x86_64 | 1.1-28 | 49.00 | 265.00 | 314.00 | OK |
Version: 1.1-28
Check: compiled code
Result: NOTE
File ‘elsa/libs/elsa.so’:
Found no calls to: ‘R_registerRoutines’, ‘R_useDynamicSymbols’
It is good practice to register native routines and to disable symbol
search.
See ‘Writing portable packages’ in the ‘Writing R Extensions’ manual.
Flavors: r-devel-linux-x86_64-fedora-clang, r-devel-linux-x86_64-fedora-gcc