Last updated on 2024-06-14 00:53:40 CEST.
Flavor | Version | Tinstall | Tcheck | Ttotal | Status | Flags |
---|---|---|---|---|---|---|
r-devel-linux-x86_64-debian-clang | 0.1.0 | 2.34 | 38.35 | 40.69 | OK | |
r-devel-linux-x86_64-debian-gcc | 0.1.0 | 2.11 | 28.54 | 30.65 | ERROR | |
r-devel-linux-x86_64-fedora-clang | 0.1.0 | 53.22 | OK | |||
r-devel-linux-x86_64-fedora-gcc | 0.1.0 | 62.89 | OK | |||
r-devel-windows-x86_64 | 0.1.0 | 4.00 | 51.00 | 55.00 | OK | |
r-patched-linux-x86_64 | 0.1.0 | 2.21 | 37.16 | 39.37 | OK | |
r-release-linux-x86_64 | 0.1.0 | 2.30 | 36.68 | 38.98 | OK | |
r-release-macos-arm64 | 0.1.0 | 26.00 | OK | |||
r-release-macos-x86_64 | 0.1.0 | 40.00 | OK | |||
r-release-windows-x86_64 | 0.1.0 | 3.00 | 52.00 | 55.00 | OK | |
r-oldrel-macos-arm64 | 0.1.0 | 29.00 | OK | |||
r-oldrel-macos-x86_64 | 0.1.0 | 40.00 | OK | |||
r-oldrel-windows-x86_64 | 0.1.0 | 4.00 | 55.00 | 59.00 | OK |
Version: 0.1.0
Check: package dependencies
Result: NOTE
Package suggested but not available for checking: ‘testthat’
Flavor: r-devel-linux-x86_64-debian-gcc
Version: 0.1.0
Check: tests
Result: ERROR
Running ‘testthat.R’ [0s/1s]
Running the tests in ‘tests/testthat.R’ failed.
Complete output:
> library(testthat)
Error in library(testthat) : there is no package called 'testthat'
Execution halted
Flavor: r-devel-linux-x86_64-debian-gcc