Last updated on 2024-08-16 12:49:07 CEST.
Flavor | Version | Tinstall | Tcheck | Ttotal | Status | Flags |
---|---|---|---|---|---|---|
r-devel-linux-x86_64-debian-clang | 1.1.1 | 4.53 | 51.63 | 56.16 | OK | |
r-devel-linux-x86_64-debian-gcc | 1.1.1 | 3.49 | 38.09 | 41.58 | OK | |
r-devel-linux-x86_64-fedora-clang | 1.1.1 | 88.60 | NOTE | |||
r-devel-linux-x86_64-fedora-gcc | 1.1.1 | 99.00 | NOTE | |||
r-devel-windows-x86_64 | 1.1.1 | 8.00 | 71.00 | 79.00 | OK | |
r-patched-linux-x86_64 | 1.1.1 | 5.18 | 48.15 | 53.33 | OK | |
r-release-linux-x86_64 | 1.1.1 | 4.19 | 49.05 | 53.24 | OK | |
r-release-macos-arm64 | 1.1.1 | 36.00 | OK | |||
r-release-macos-x86_64 | 1.1.1 | 57.00 | OK | |||
r-release-windows-x86_64 | 1.1.1 | 7.00 | 70.00 | 77.00 | OK | |
r-oldrel-macos-arm64 | 1.1.1 | 41.00 | OK | |||
r-oldrel-macos-x86_64 | 1.1.1 | 52.00 | OK | |||
r-oldrel-windows-x86_64 | 1.1.1 | 10.00 | 76.00 | 86.00 | OK |
Version: 1.1.1
Check: dependencies in R code
Result: NOTE
Namespaces in Imports field not imported from:
‘Biostrings’ ‘DECIPHER’ ‘ggplot2’ ‘reshape2’ ‘usethis’
All declared Imports should be used.
Flavors: r-devel-linux-x86_64-fedora-clang, r-devel-linux-x86_64-fedora-gcc