Last updated on 2024-07-18 01:55:30 CEST.
Flavor | Version | Tinstall | Tcheck | Ttotal | Status | Flags |
---|---|---|---|---|---|---|
r-devel-linux-x86_64-debian-clang | 0.15.3 | 173.77 | 439.52 | 613.29 | OK | |
r-devel-linux-x86_64-debian-gcc | 0.15.3 | 179.46 | 0.02 | 179.48 | FAIL | |
r-devel-linux-x86_64-fedora-clang | 0.15.3 | 811.11 | OK | |||
r-devel-linux-x86_64-fedora-gcc | 0.15.3 | 1127.38 | OK | |||
r-devel-windows-x86_64 | 0.15.3 | 147.00 | 469.00 | 616.00 | NOTE | |
r-patched-linux-x86_64 | 0.15.3 | 182.31 | 0.02 | 182.33 | FAIL | |
r-release-linux-x86_64 | 0.15.3 | 205.99 | 0.02 | 206.01 | FAIL | |
r-release-macos-arm64 | 0.15.3 | 208.00 | NOTE | |||
r-release-macos-x86_64 | 0.15.3 | 685.00 | NOTE | |||
r-release-windows-x86_64 | 0.15.3 | 143.00 | 473.00 | 616.00 | NOTE | |
r-oldrel-macos-arm64 | 0.15.3 | 253.00 | NOTE | |||
r-oldrel-macos-x86_64 | 0.15.3 | 533.00 | NOTE | |||
r-oldrel-windows-x86_64 | 0.15.3 | 196.00 | 577.00 | 773.00 | NOTE |
Version: 0.15.3
Check: tests
Result: FAIL
Flavors: r-devel-linux-x86_64-debian-gcc, r-patched-linux-x86_64, r-release-linux-x86_64
Version: 0.15.3
Check: installed package size
Result: NOTE
installed size is 14.2Mb
sub-directories of 1Mb or more:
libs 13.6Mb
Flavors: r-devel-windows-x86_64, r-release-macos-arm64, r-release-macos-x86_64, r-release-windows-x86_64, r-oldrel-macos-arm64, r-oldrel-macos-x86_64, r-oldrel-windows-x86_64