Last updated on 2024-08-16 12:49:07 CEST.
Flavor | Version | Tinstall | Tcheck | Ttotal | Status | Flags |
---|---|---|---|---|---|---|
r-devel-linux-x86_64-debian-clang | 2.2.16 | 15.29 | 108.25 | 123.54 | NOTE | |
r-devel-linux-x86_64-debian-gcc | 2.2.16 | 11.09 | 75.04 | 86.13 | NOTE | |
r-devel-linux-x86_64-fedora-clang | 2.2.16 | 214.91 | NOTE | |||
r-devel-linux-x86_64-fedora-gcc | 2.2.16 | 207.63 | NOTE | |||
r-devel-windows-x86_64 | 2.2.16 | 18.00 | 129.00 | 147.00 | OK | |
r-patched-linux-x86_64 | 2.2.16 | 18.20 | 99.04 | 117.24 | NOTE | |
r-release-linux-x86_64 | 2.2.16 | 17.67 | 100.42 | 118.09 | NOTE | |
r-release-macos-arm64 | 2.2.16 | 94.00 | NOTE | |||
r-release-macos-x86_64 | 2.2.16 | 125.00 | NOTE | |||
r-release-windows-x86_64 | 2.2.16 | 19.00 | 129.00 | 148.00 | OK | |
r-oldrel-macos-arm64 | 2.2.16 | 97.00 | NOTE | |||
r-oldrel-macos-x86_64 | 2.2.16 | 176.00 | NOTE | |||
r-oldrel-windows-x86_64 | 2.2.16 | 24.00 | 150.00 | 174.00 | OK |
Version: 2.2.16
Check: package dependencies
Result: NOTE
Package suggested but not available for checking: ‘taskscheduleR’
Flavors: r-devel-linux-x86_64-debian-clang, r-devel-linux-x86_64-debian-gcc, r-devel-linux-x86_64-fedora-gcc, r-patched-linux-x86_64, r-release-linux-x86_64, r-release-macos-arm64, r-release-macos-x86_64, r-oldrel-macos-arm64, r-oldrel-macos-x86_64
Version: 2.2.16
Check: package dependencies
Result: NOTE
Package suggested but not available for checking: ‘taskscheduleR’
Imports includes 34 non-default packages.
Importing from so many packages makes the package vulnerable to any of
them becoming unavailable. Move as many as possible to Suggests and
use conditionally.
Flavor: r-devel-linux-x86_64-fedora-clang
Version: 2.2.16
Check: dependencies in R code
Result: NOTE
Namespaces in Imports field not imported from:
‘httpuv’ ‘knitr’ ‘plyr’ ‘tidyverse’ ‘xml2’
All declared Imports should be used.
Flavors: r-devel-linux-x86_64-fedora-clang, r-devel-linux-x86_64-fedora-gcc