Last updated on 2024-07-18 01:55:30 CEST.
Flavor | Version | Tinstall | Tcheck | Ttotal | Status | Flags |
---|---|---|---|---|---|---|
r-devel-linux-x86_64-debian-clang | 0.4-1 | 3.57 | 31.88 | 35.45 | NOTE | |
r-devel-linux-x86_64-debian-gcc | 0.4-1 | 2.83 | 24.05 | 26.88 | NOTE | |
r-devel-linux-x86_64-fedora-clang | 0.4-1 | 46.47 | NOTE | |||
r-devel-linux-x86_64-fedora-gcc | 0.4-1 | 41.21 | NOTE | |||
r-devel-windows-x86_64 | 0.4-1 | 3.00 | 45.00 | 48.00 | NOTE | |
r-patched-linux-x86_64 | 0.4-1 | 3.47 | 29.83 | 33.30 | NOTE | |
r-release-linux-x86_64 | 0.4-1 | 2.81 | 30.13 | 32.94 | NOTE | |
r-release-macos-arm64 | 0.4-1 | 18.00 | NOTE | |||
r-release-macos-x86_64 | 0.4-1 | 26.00 | NOTE | |||
r-release-windows-x86_64 | 0.4-1 | 4.00 | 45.00 | 49.00 | NOTE | |
r-oldrel-macos-arm64 | 0.4-1 | 19.00 | NOTE | |||
r-oldrel-macos-x86_64 | 0.4-1 | 25.00 | NOTE | |||
r-oldrel-windows-x86_64 | 0.4-1 | 6.00 | 48.00 | 54.00 | NOTE |
Version: 0.4-1
Check: LazyData
Result: NOTE
'LazyData' is specified without a 'data' directory
Flavors: r-devel-linux-x86_64-debian-clang, r-devel-linux-x86_64-debian-gcc, r-devel-linux-x86_64-fedora-clang, r-devel-linux-x86_64-fedora-gcc, r-devel-windows-x86_64, r-patched-linux-x86_64, r-release-linux-x86_64, r-release-macos-arm64, r-release-macos-x86_64, r-release-windows-x86_64, r-oldrel-macos-arm64, r-oldrel-macos-x86_64, r-oldrel-windows-x86_64